CRAN Package Check Results for Package iWeigReg

Last updated on 2025-04-30 04:50:09 CEST.

Flavor Version Tinstall Tcheck Ttotal Status Flags
r-devel-linux-x86_64-debian-clang 1.1 2.75 30.78 33.53 NOTE
r-devel-linux-x86_64-debian-gcc 1.1 1.82 25.05 26.87 NOTE
r-devel-linux-x86_64-fedora-clang 1.1 51.57 OK
r-devel-linux-x86_64-fedora-gcc 1.1 63.36 OK
r-devel-windows-x86_64 1.1 3.00 69.00 72.00 OK
r-patched-linux-x86_64 1.1 2.94 29.93 32.87 OK
r-release-linux-x86_64 1.1 2.34 29.71 32.05 OK
r-release-macos-arm64 1.1 24.00 OK
r-release-macos-x86_64 1.1 43.00 OK
r-release-windows-x86_64 1.1 4.00 67.00 71.00 OK
r-oldrel-macos-arm64 1.1 24.00 OK
r-oldrel-macos-x86_64 1.1 36.00 OK
r-oldrel-windows-x86_64 1.1 4.00 64.00 68.00 OK

Check Details

Version: 1.1
Check: CRAN incoming feasibility
Result: NOTE Maintainer: ‘Zhiqiang Tan <ztan@stat.rutgers.edu>’ No Authors@R field in DESCRIPTION. Please add one, modifying Authors@R: c(person(given = "Zhiqiang", family = "Tan", role = c("aut", "cre"), email = "ztan@stat.rutgers.edu"), person(given = "Heng", family = "Shu", role = "aut")) as necessary. Package CITATION file contains call(s) to old-style personList() or as.personList(). Please use c() on person objects instead. Package CITATION file contains call(s) to old-style citEntry(). Please use bibentry() instead. Flavors: r-devel-linux-x86_64-debian-clang, r-devel-linux-x86_64-debian-gcc