Last updated on 2025-04-30 04:50:08 CEST.
Flavor | Version | Tinstall | Tcheck | Ttotal | Status | Flags |
---|---|---|---|---|---|---|
r-devel-linux-x86_64-debian-clang | 1.4 | 8.57 | 21.56 | 30.13 | NOTE | |
r-devel-linux-x86_64-debian-gcc | 1.4 | 7.39 | 17.62 | 25.01 | NOTE | |
r-devel-linux-x86_64-fedora-clang | 1.4 | 54.43 | OK | |||
r-devel-linux-x86_64-fedora-gcc | 1.4 | 51.96 | OK | |||
r-devel-windows-x86_64 | 1.4 | 14.00 | 71.00 | 85.00 | OK | |
r-patched-linux-x86_64 | 1.4 | 9.43 | 21.01 | 30.44 | OK | |
r-release-linux-x86_64 | 1.4 | 9.82 | 20.73 | 30.55 | OK | |
r-release-macos-arm64 | 1.4 | 20.00 | OK | |||
r-release-macos-x86_64 | 1.4 | 33.00 | OK | |||
r-release-windows-x86_64 | 1.4 | 13.00 | 64.00 | 77.00 | OK | |
r-oldrel-macos-arm64 | 1.4 | 19.00 | OK | |||
r-oldrel-macos-x86_64 | 1.4 | 28.00 | OK | |||
r-oldrel-windows-x86_64 | 1.4 | 14.00 | 71.00 | 85.00 | OK |
Version: 1.4
Check: CRAN incoming feasibility
Result: NOTE
Maintainer: ‘Feng Chen <feng.chen@unsw.edu.au>’
No Authors@R field in DESCRIPTION.
Please add one, modifying
Authors@R: person(given = "Feng",
family = "Chen",
role = c("aut", "cre"),
email = "feng.chen@unsw.edu.au")
as necessary.
Flavors: r-devel-linux-x86_64-debian-clang, r-devel-linux-x86_64-debian-gcc