Last updated on 2025-04-30 04:50:08 CEST.
Flavor | Version | Tinstall | Tcheck | Ttotal | Status | Flags |
---|---|---|---|---|---|---|
r-devel-linux-x86_64-debian-clang | 1.2 | 18.67 | 28.10 | 46.77 | NOTE | |
r-devel-linux-x86_64-debian-gcc | 1.2 | 13.72 | 21.69 | 35.41 | NOTE | |
r-devel-linux-x86_64-fedora-clang | 1.2 | 81.07 | OK | |||
r-devel-linux-x86_64-fedora-gcc | 1.2 | 81.80 | OK | |||
r-devel-windows-x86_64 | 1.2 | 23.00 | 71.00 | 94.00 | OK | |
r-patched-linux-x86_64 | 1.2 | 20.83 | 26.80 | 47.63 | OK | |
r-release-linux-x86_64 | 1.2 | 20.13 | 27.14 | 47.27 | OK | |
r-release-macos-arm64 | 1.2 | 28.00 | OK | |||
r-release-macos-x86_64 | 1.2 | 45.00 | OK | |||
r-release-windows-x86_64 | 1.2 | 22.00 | 72.00 | 94.00 | OK | |
r-oldrel-macos-arm64 | 1.2 | 25.00 | OK | |||
r-oldrel-macos-x86_64 | 1.2 | 34.00 | OK | |||
r-oldrel-windows-x86_64 | 1.2 | 20.00 | 76.00 | 96.00 | OK |
Version: 1.2
Check: CRAN incoming feasibility
Result: NOTE
Maintainer: ‘Hui Xu <huix@schoolph.umass.edu>’
No Authors@R field in DESCRIPTION.
Please add one, modifying
Authors@R: c(person(given = "Hui",
family = "Xu",
role = c("aut", "cre"),
email = "huix@schoolph.umass.edu"),
person(given = "Raji",
family = "Balasubramanian",
role = "aut"))
as necessary.
Flavors: r-devel-linux-x86_64-debian-clang, r-devel-linux-x86_64-debian-gcc