CRAN Package Check Results for Package ical

Last updated on 2025-02-21 03:52:14 CET.

Flavor Version Tinstall Tcheck Ttotal Status Flags
r-devel-linux-x86_64-debian-clang 0.1.6 2.07 26.05 28.12 OK
r-devel-linux-x86_64-debian-gcc 0.1.6 1.80 22.22 24.02 OK
r-devel-linux-x86_64-fedora-clang 0.1.6 43.04 OK
r-devel-linux-x86_64-fedora-gcc 0.1.6 43.50 OK
r-devel-macos-arm64 0.1.6 20.00 OK
r-devel-macos-x86_64 0.1.6 32.00 OK
r-devel-windows-x86_64 0.1.6 3.00 47.00 50.00 OK
r-patched-linux-x86_64 0.1.6 2.05 24.98 27.03 NOTE
r-release-linux-x86_64 0.1.6 2.00 25.37 27.37 NOTE
r-release-macos-arm64 0.1.6 20.00 NOTE
r-release-macos-x86_64 0.1.6 27.00 NOTE
r-release-windows-x86_64 0.1.6 3.00 44.00 47.00 NOTE
r-oldrel-macos-arm64 0.1.6 18.00 NOTE
r-oldrel-macos-x86_64 0.1.6 26.00 NOTE
r-oldrel-windows-x86_64 0.1.6 4.00 69.00 73.00 NOTE

Check Details

Version: 0.1.6
Check: LazyData
Result: NOTE 'LazyData' is specified without a 'data' directory Flavors: r-patched-linux-x86_64, r-release-linux-x86_64, r-release-macos-arm64, r-release-macos-x86_64, r-release-windows-x86_64, r-oldrel-macos-arm64, r-oldrel-macos-x86_64, r-oldrel-windows-x86_64