Last updated on 2025-04-30 04:50:08 CEST.
Flavor | Version | Tinstall | Tcheck | Ttotal | Status | Flags |
---|---|---|---|---|---|---|
r-devel-linux-x86_64-debian-clang | 1.2.0 | 26.83 | 65.94 | 92.77 | NOTE | |
r-devel-linux-x86_64-debian-gcc | 1.2.0 | 17.71 | 51.09 | 68.80 | NOTE | |
r-devel-linux-x86_64-fedora-clang | 1.2.0 | 148.09 | NOTE | |||
r-devel-linux-x86_64-fedora-gcc | 1.2.0 | 139.31 | NOTE | |||
r-devel-windows-x86_64 | 1.2.0 | 28.00 | 91.00 | 119.00 | NOTE | |
r-patched-linux-x86_64 | 1.2.0 | 24.33 | 63.56 | 87.89 | NOTE | |
r-release-linux-x86_64 | 1.2.0 | 24.53 | 62.46 | 86.99 | NOTE | |
r-release-macos-arm64 | 1.2.0 | 44.00 | NOTE | |||
r-release-macos-x86_64 | 1.2.0 | 82.00 | NOTE | |||
r-release-windows-x86_64 | 1.2.0 | 30.00 | 94.00 | 124.00 | NOTE | |
r-oldrel-macos-arm64 | 1.2.0 | 44.00 | NOTE | |||
r-oldrel-macos-x86_64 | 1.2.0 | 58.00 | NOTE | |||
r-oldrel-windows-x86_64 | 1.2.0 | 34.00 | 113.00 | 147.00 | NOTE |
Version: 1.2.0
Check: CRAN incoming feasibility
Result: NOTE
Maintainer: ‘Steven Andrew Culpepper <sculpepp@illinois.edu>’
Package CITATION file contains call(s) to old-style personList() or
as.personList(). Please use c() on person objects instead.
Package CITATION file contains call(s) to old-style citEntry(). Please
use bibentry() instead.
Flavors: r-devel-linux-x86_64-debian-clang, r-devel-linux-x86_64-debian-gcc
Version: 1.2.0
Check: C++ specification
Result: NOTE
Specified C++11: please drop specification unless essential
Flavors: r-devel-linux-x86_64-debian-clang, r-devel-linux-x86_64-debian-gcc, r-devel-linux-x86_64-fedora-clang, r-devel-linux-x86_64-fedora-gcc, r-devel-windows-x86_64, r-patched-linux-x86_64, r-release-linux-x86_64, r-release-macos-arm64, r-release-macos-x86_64, r-release-windows-x86_64, r-oldrel-macos-arm64, r-oldrel-macos-x86_64, r-oldrel-windows-x86_64