Last updated on 2025-04-30 04:50:08 CEST.
Flavor | Version | Tinstall | Tcheck | Ttotal | Status | Flags |
---|---|---|---|---|---|---|
r-devel-linux-x86_64-debian-clang | 1.0.1 | 8.87 | 73.47 | 82.34 | NOTE | |
r-devel-linux-x86_64-debian-gcc | 1.0.1 | 6.95 | 55.15 | 62.10 | NOTE | |
r-devel-linux-x86_64-fedora-clang | 1.0.1 | 125.60 | OK | |||
r-devel-linux-x86_64-fedora-gcc | 1.0.1 | 122.09 | OK | |||
r-devel-windows-x86_64 | 1.0.1 | 8.00 | 79.00 | 87.00 | OK | |
r-patched-linux-x86_64 | 1.0.1 | 8.40 | 69.70 | 78.10 | OK | |
r-release-linux-x86_64 | 1.0.1 | 8.29 | 71.20 | 79.49 | OK | |
r-release-macos-arm64 | 1.0.1 | 38.00 | OK | |||
r-release-macos-x86_64 | 1.0.1 | 74.00 | OK | |||
r-release-windows-x86_64 | 1.0.1 | 9.00 | 81.00 | 90.00 | OK | |
r-oldrel-macos-arm64 | 1.0.1 | 38.00 | OK | |||
r-oldrel-macos-x86_64 | 1.0.1 | 81.00 | OK | |||
r-oldrel-windows-x86_64 | 1.0.1 | 10.00 | 102.00 | 112.00 | OK |
Version: 1.0.1
Check: examples
Result: NOTE
Examples with CPU (user + system) or elapsed time > 5s
user system elapsed
iccmulti 7.34 0.016 9.875
Flavor: r-devel-linux-x86_64-debian-clang
Version: 1.0.1
Check: examples
Result: NOTE
Examples with CPU (user + system) or elapsed time > 5s
user system elapsed
iccmulti 4.133 0.166 5.09
Flavor: r-devel-linux-x86_64-debian-gcc