CRAN Package Check Results for Package icensBKL

Last updated on 2025-04-30 04:50:08 CEST.

Flavor Version Tinstall Tcheck Ttotal Status Flags
r-devel-linux-x86_64-debian-clang 1.5 6.75 67.65 74.40 OK
r-devel-linux-x86_64-debian-gcc 1.5 6.05 50.35 56.40 OK
r-devel-linux-x86_64-fedora-clang 1.5 126.35 OK
r-devel-linux-x86_64-fedora-gcc 1.5 111.16 OK
r-devel-windows-x86_64 1.5 9.00 88.00 97.00 OK
r-patched-linux-x86_64 1.5 8.47 64.27 72.74 OK
r-release-linux-x86_64 1.5 7.29 64.45 71.74 OK
r-release-macos-arm64 1.5 35.00 OK
r-release-macos-x86_64 1.5 70.00 OK
r-release-windows-x86_64 1.5 9.00 85.00 94.00 OK
r-oldrel-macos-arm64 1.5 35.00 NOTE
r-oldrel-macos-x86_64 1.5 54.00 NOTE
r-oldrel-windows-x86_64 1.5 11.00 98.00 109.00 OK

Check Details

Version: 1.5
Check: package dependencies
Result: NOTE Package suggested but not available for checking: ‘mixAK’ Flavor: r-oldrel-macos-arm64

Version: 1.5
Check: package dependencies
Result: NOTE Packages suggested but not available for checking: 'mixAK', 'frailtypack' Flavor: r-oldrel-macos-x86_64