CRAN Package Check Results for Package icensmis

Last updated on 2025-04-30 04:50:08 CEST.

Flavor Version Tinstall Tcheck Ttotal Status Flags
r-devel-linux-x86_64-debian-clang 1.5.0 39.03 33.08 72.11 NOTE
r-devel-linux-x86_64-debian-gcc 1.5.0 27.12 24.89 52.01 NOTE
r-devel-linux-x86_64-fedora-clang 1.5.0 133.35 OK
r-devel-linux-x86_64-fedora-gcc 1.5.0 127.43 OK
r-devel-windows-x86_64 1.5.0 43.00 71.00 114.00 OK
r-patched-linux-x86_64 1.5.0 42.01 31.65 73.66 OK
r-release-linux-x86_64 1.5.0 41.20 31.29 72.49 OK
r-release-macos-arm64 1.5.0 31.00 OK
r-release-macos-x86_64 1.5.0 44.00 OK
r-release-windows-x86_64 1.5.0 43.00 68.00 111.00 OK
r-oldrel-macos-arm64 1.5.0 31.00 OK
r-oldrel-macos-x86_64 1.5.0 40.00 OK
r-oldrel-windows-x86_64 1.5.0 40.00 76.00 116.00 OK

Check Details

Version: 1.5.0
Check: CRAN incoming feasibility
Result: NOTE Maintainer: ‘Xiangdong Gu <ustcgxd@gmail.com>’ No Authors@R field in DESCRIPTION. Please add one, modifying Authors@R: c(person(given = "Xiangdong", family = "Gu", role = c("aut", "cre"), email = "ustcgxd@gmail.com"), person(given = "Raji", family = "Balasubramanian", role = "aut")) as necessary. Flavors: r-devel-linux-x86_64-debian-clang, r-devel-linux-x86_64-debian-gcc