Last updated on 2025-04-30 04:50:08 CEST.
Flavor | Version | Tinstall | Tcheck | Ttotal | Status | Flags |
---|---|---|---|---|---|---|
r-devel-linux-x86_64-debian-clang | 0.11.1 | 39.82 | 119.58 | 159.40 | NOTE | |
r-devel-linux-x86_64-debian-gcc | 0.11.1 | 26.00 | 82.56 | 108.56 | NOTE | |
r-devel-linux-x86_64-fedora-clang | 0.11.1 | 254.89 | OK | |||
r-devel-linux-x86_64-fedora-gcc | 0.11.1 | 265.50 | OK | |||
r-devel-windows-x86_64 | 0.11.1 | 43.00 | 170.00 | 213.00 | OK | --no-vignettes |
r-patched-linux-x86_64 | 0.11.1 | 37.81 | 115.70 | 153.51 | OK | |
r-release-linux-x86_64 | 0.11.1 | 35.46 | 115.20 | 150.66 | OK | |
r-release-macos-arm64 | 0.11.1 | 134.00 | OK | |||
r-release-macos-x86_64 | 0.11.1 | 280.00 | OK | |||
r-release-windows-x86_64 | 0.11.1 | 41.00 | 142.00 | 183.00 | OK | --no-vignettes |
r-oldrel-macos-arm64 | 0.11.1 | 121.00 | OK | |||
r-oldrel-macos-x86_64 | 0.11.1 | 387.00 | OK | |||
r-oldrel-windows-x86_64 | 0.11.1 | 47.00 | 193.00 | 240.00 | OK | --no-vignettes |
Version: 0.11.1
Check: examples
Result: NOTE
Examples with CPU (user + system) or elapsed time > 5s
user system elapsed
gridensity 8.153 0.183 10.323
occupied 6.121 0.095 7.574
hexagrid-class 3.938 0.098 5.067
Flavor: r-devel-linux-x86_64-debian-clang
Version: 0.11.1
Check: examples
Result: NOTE
Examples with CPU (user + system) or elapsed time > 5s
user system elapsed
gridensity 4.647 0.114 5.673
Flavor: r-devel-linux-x86_64-debian-gcc