Last updated on 2025-04-30 04:50:08 CEST.
Flavor | Version | Tinstall | Tcheck | Ttotal | Status | Flags |
---|---|---|---|---|---|---|
r-devel-linux-x86_64-debian-clang | 1.5 | 10.76 | 103.04 | 113.80 | NOTE | |
r-devel-linux-x86_64-debian-gcc | 1.5 | 8.22 | 72.27 | 80.49 | NOTE | |
r-devel-linux-x86_64-fedora-clang | 1.5 | 176.60 | OK | |||
r-devel-linux-x86_64-fedora-gcc | 1.5 | 173.33 | OK | |||
r-devel-windows-x86_64 | 1.5 | 15.00 | 117.00 | 132.00 | OK | |
r-patched-linux-x86_64 | 1.5 | 11.43 | 96.72 | 108.15 | OK | |
r-release-linux-x86_64 | 1.5 | 11.14 | 98.38 | 109.52 | OK | |
r-release-macos-arm64 | 1.5 | 57.00 | OK | |||
r-release-macos-x86_64 | 1.5 | 107.00 | OK | |||
r-release-windows-x86_64 | 1.5 | 14.00 | 112.00 | 126.00 | OK | |
r-oldrel-macos-arm64 | 1.5 | 57.00 | OK | |||
r-oldrel-macos-x86_64 | 1.5 | 83.00 | OK | |||
r-oldrel-windows-x86_64 | 1.5 | 19.00 | 140.00 | 159.00 | OK |
Version: 1.5
Check: CRAN incoming feasibility
Result: NOTE
Maintainer: ‘Marcelino de la Cruz <marcelino.delacruz@urjc.es>’
No Authors@R field in DESCRIPTION.
Please add one, modifying
Authors@R: person(given = "Marcelino",
family = "de la Cruz",
role = c("aut", "cre"),
email = "marcelino.delacruz@urjc.es")
as necessary.
Package CITATION file contains call(s) to old-style personList() or
as.personList(). Please use c() on person objects instead.
Package CITATION file contains call(s) to old-style citEntry(). Please
use bibentry() instead.
Flavors: r-devel-linux-x86_64-debian-clang, r-devel-linux-x86_64-debian-gcc
Version: 1.5
Check: examples
Result: NOTE
Examples with CPU (user + system) or elapsed time > 5s
user system elapsed
ipsim 4.942 0.011 6.196
proportion.idar 4.493 0.000 5.374
Flavor: r-devel-linux-x86_64-debian-clang