Last updated on 2025-04-30 04:50:08 CEST.
Flavor | Version | Tinstall | Tcheck | Ttotal | Status | Flags |
---|---|---|---|---|---|---|
r-devel-linux-x86_64-debian-clang | 0.1.1 | 2.59 | 27.41 | 30.00 | NOTE | |
r-devel-linux-x86_64-debian-gcc | 0.1.1 | 2.62 | 20.87 | 23.49 | NOTE | |
r-devel-linux-x86_64-fedora-clang | 0.1.1 | 48.34 | OK | |||
r-devel-linux-x86_64-fedora-gcc | 0.1.1 | 45.50 | OK | |||
r-devel-windows-x86_64 | 0.1.1 | 4.00 | 51.00 | 55.00 | OK | |
r-patched-linux-x86_64 | 0.1.1 | 3.40 | 26.05 | 29.45 | OK | |
r-release-linux-x86_64 | 0.1.1 | 3.38 | 26.02 | 29.40 | OK | |
r-release-macos-arm64 | 0.1.1 | 18.00 | OK | |||
r-release-macos-x86_64 | 0.1.1 | 37.00 | OK | |||
r-release-windows-x86_64 | 0.1.1 | 4.00 | 51.00 | 55.00 | OK | |
r-oldrel-macos-arm64 | 0.1.1 | 19.00 | OK | |||
r-oldrel-macos-x86_64 | 0.1.1 | 29.00 | OK | |||
r-oldrel-windows-x86_64 | 0.1.1 | 4.00 | 51.00 | 55.00 | OK |
Version: 0.1.1
Check: CRAN incoming feasibility
Result: NOTE
Maintainer: ‘Hideitsu Hino <hideitsu.hino@gmail.com>’
No Authors@R field in DESCRIPTION.
Please add one, modifying
Authors@R: person(given = "Hideitsu",
family = "Hino",
role = c("aut", "cre"),
email = "hideitsu.hino@gmail.com")
as necessary.
Flavors: r-devel-linux-x86_64-debian-clang, r-devel-linux-x86_64-debian-gcc