Last updated on 2025-04-30 04:50:08 CEST.
Flavor | Version | Tinstall | Tcheck | Ttotal | Status | Flags |
---|---|---|---|---|---|---|
r-devel-linux-x86_64-debian-clang | 1.0.0 | 9.48 | 77.46 | 86.94 | NOTE | |
r-devel-linux-x86_64-debian-gcc | 1.0.0 | 5.57 | 53.10 | 58.67 | NOTE | |
r-devel-linux-x86_64-fedora-clang | 1.0.0 | 134.62 | OK | |||
r-devel-linux-x86_64-fedora-gcc | 1.0.0 | 134.75 | OK | |||
r-devel-windows-x86_64 | 1.0.0 | 9.00 | 112.00 | 121.00 | OK | |
r-patched-linux-x86_64 | 1.0.0 | 5.20 | 72.40 | 77.60 | OK | |
r-release-linux-x86_64 | 1.0.0 | 8.15 | 72.27 | 80.42 | OK | |
r-release-macos-arm64 | 1.0.0 | 53.00 | OK | |||
r-release-macos-x86_64 | 1.0.0 | 114.00 | OK | |||
r-release-windows-x86_64 | 1.0.0 | 11.00 | 108.00 | 119.00 | OK | |
r-oldrel-macos-arm64 | 1.0.0 | 53.00 | OK | |||
r-oldrel-macos-x86_64 | 1.0.0 | 99.00 | OK | |||
r-oldrel-windows-x86_64 | 1.0.0 | 13.00 | 141.00 | 154.00 | OK |
Version: 1.0.0
Check: examples
Result: NOTE
Examples with CPU (user + system) or elapsed time > 5s
user system elapsed
plot.idiffomix 1.578 0.097 15.454
idiffomix 0.402 0.008 14.334
Flavor: r-devel-linux-x86_64-debian-clang
Version: 1.0.0
Check: examples
Result: NOTE
Examples with CPU (user + system) or elapsed time > 5s
user system elapsed
plot.idiffomix 0.947 0.087 8.341
idiffomix 0.238 0.002 7.109
Flavor: r-devel-linux-x86_64-debian-gcc