Last updated on 2025-04-30 04:50:08 CEST.
Flavor | Version | Tinstall | Tcheck | Ttotal | Status | Flags |
---|---|---|---|---|---|---|
r-devel-linux-x86_64-debian-clang | 1.0.1 | 9.63 | 605.07 | 614.70 | NOTE | |
r-devel-linux-x86_64-debian-gcc | 1.0.1 | 6.83 | 386.52 | 393.35 | NOTE | |
r-devel-linux-x86_64-fedora-clang | 1.0.1 | 1015.13 | NOTE | |||
r-devel-linux-x86_64-fedora-gcc | 1.0.1 | 991.05 | NOTE | |||
r-devel-windows-x86_64 | 1.0.1 | 11.00 | 546.00 | 557.00 | NOTE | |
r-patched-linux-x86_64 | 1.0.1 | 8.86 | 574.20 | 583.06 | NOTE | |
r-release-linux-x86_64 | 1.0.1 | 9.64 | 576.09 | 585.73 | NOTE | |
r-release-macos-arm64 | 1.0.1 | 238.00 | NOTE | |||
r-release-macos-x86_64 | 1.0.1 | 521.00 | NOTE | |||
r-release-windows-x86_64 | 1.0.1 | 10.00 | 535.00 | 545.00 | NOTE | |
r-oldrel-macos-arm64 | 1.0.1 | 185.00 | OK | |||
r-oldrel-macos-x86_64 | 1.0.1 | 363.00 | OK | |||
r-oldrel-windows-x86_64 | 1.0.1 | 13.00 | 722.00 | 735.00 | OK |
Version: 1.0.1
Check: DESCRIPTION meta-information
Result: NOTE
Missing dependency on R >= 4.1.0 because package code uses the pipe
|> or function shorthand \(...) syntax added in R 4.1.0.
File(s) using such syntax:
‘calibrate_LLR.R’ ‘concordance.R’ ‘contentmask.R’ ‘create_corpus.R’
‘delta.R’ ‘density_plot.R’ ‘impostors.R’ ‘lambdaG.R’ ‘lambdaG.Rd’
‘lambdaG_visualize.R’ ‘lambdaG_visualize.Rd’ ‘most_similar.Rd’
‘ngram_tracing.R’ ‘performance.R’ ‘posterior.R’ ‘tokenize_sents.R’
‘utils.R’ ‘vectorize.R’
Flavors: r-devel-linux-x86_64-debian-clang, r-devel-linux-x86_64-debian-gcc, r-devel-linux-x86_64-fedora-clang, r-devel-linux-x86_64-fedora-gcc, r-devel-windows-x86_64, r-patched-linux-x86_64, r-release-linux-x86_64, r-release-macos-arm64, r-release-windows-x86_64
Version: 1.0.1
Check: examples
Result: NOTE
Examples with CPU (user + system) or elapsed time > 5s
user system elapsed
lambdaG 6.993 0.521 8.323
delta 6.525 0.169 8.721
impostors 4.397 0.160 5.771
Flavor: r-devel-linux-x86_64-debian-clang
Version: 1.0.1
Check: examples
Result: NOTE
Examples with CPU (user + system) or elapsed time > 5s
user system elapsed
lambdaG 5.233 0.516 6.895
delta 3.912 0.236 5.151
Flavor: r-devel-linux-x86_64-debian-gcc
Version: 1.0.1
Check: DESCRIPTION meta-information
Result: NOTE
Missing dependency on R >= 4.1.0 because package code uses the pipe
|> or function shorthand \(...) syntax added in R 4.1.0.
File(s) using such syntax:
‘calibrate_LLR.R’ ‘concordance.R’ ‘contentmask.R’ ‘create_corpus.R’
‘delta.R’ ‘density_plot.R’ ‘impostors.R’ ‘lambdaG.R’
‘lambdaG_visualize.R’ ‘ngram_tracing.R’ ‘performance.R’ ‘posterior.R’
‘tokenize_sents.R’ ‘utils.R’ ‘vectorize.R’
Flavor: r-release-macos-x86_64