CRAN Package Check Results for Package idopNetwork

Last updated on 2025-04-30 04:50:08 CEST.

Flavor Version Tinstall Tcheck Ttotal Status Flags
r-devel-linux-x86_64-debian-clang 0.1.2 12.47 144.77 157.24 NOTE
r-devel-linux-x86_64-debian-gcc 0.1.2 8.58 100.85 109.43 NOTE
r-devel-linux-x86_64-fedora-clang 0.1.2 231.83 OK
r-devel-linux-x86_64-fedora-gcc 0.1.2 230.41 OK
r-devel-windows-x86_64 0.1.2 16.00 149.00 165.00 OK
r-patched-linux-x86_64 0.1.2 12.96 133.79 146.75 OK
r-release-linux-x86_64 0.1.2 11.75 136.22 147.97 OK
r-release-macos-arm64 0.1.2 88.00 OK
r-release-macos-x86_64 0.1.2 138.00 OK
r-release-windows-x86_64 0.1.2 14.00 140.00 154.00 OK
r-oldrel-macos-arm64 0.1.2 65.00 OK
r-oldrel-macos-x86_64 0.1.2 102.00 OK
r-oldrel-windows-x86_64 0.1.2 18.00 185.00 203.00 OK

Check Details

Version: 0.1.2
Check: CRAN incoming feasibility
Result: NOTE Maintainer: ‘Ang Dong <fantasys05227@gmail.com>’ No Authors@R field in DESCRIPTION. Please add one, modifying Authors@R: person(given = "Ang", family = "Dong", role = c("aut", "cre"), email = "fantasys05227@gmail.com") as necessary. Flavors: r-devel-linux-x86_64-debian-clang, r-devel-linux-x86_64-debian-gcc