Last updated on 2025-04-30 04:50:08 CEST.
Flavor | Version | Tinstall | Tcheck | Ttotal | Status | Flags |
---|---|---|---|---|---|---|
r-devel-linux-x86_64-debian-clang | 1.0.1 | 2.13 | 31.36 | 33.49 | NOTE | |
r-devel-linux-x86_64-debian-gcc | 1.0.1 | 1.55 | 25.49 | 27.04 | NOTE | |
r-devel-linux-x86_64-fedora-clang | 1.0.1 | 52.32 | OK | |||
r-devel-linux-x86_64-fedora-gcc | 1.0.1 | 65.14 | OK | |||
r-devel-windows-x86_64 | 1.0.1 | 4.00 | 57.00 | 61.00 | OK | |
r-patched-linux-x86_64 | 1.0.1 | 2.11 | 29.67 | 31.78 | OK | |
r-release-linux-x86_64 | 1.0.1 | 1.84 | 29.37 | 31.21 | OK | |
r-release-macos-arm64 | 1.0.1 | 37.00 | OK | |||
r-release-macos-x86_64 | 1.0.1 | 52.00 | OK | |||
r-release-windows-x86_64 | 1.0.1 | 4.00 | 55.00 | 59.00 | OK | |
r-oldrel-macos-arm64 | 1.0.1 | 25.00 | OK | |||
r-oldrel-macos-x86_64 | 1.0.1 | 40.00 | OK | |||
r-oldrel-windows-x86_64 | 1.0.1 | 4.00 | 55.00 | 59.00 | OK |
Version: 1.0.1
Check: CRAN incoming feasibility
Result: NOTE
Maintainer: ‘Rich FitzJohn <rich.fitzjohn@gmail.com>’
Found the following (possibly) invalid file URI:
URI: gfycat.com
From: man/adjective_animal.Rd
Flavors: r-devel-linux-x86_64-debian-clang, r-devel-linux-x86_64-debian-gcc