CRAN Package Check Results for Package idx2r

Last updated on 2025-04-30 04:50:08 CEST.

Flavor Version Tinstall Tcheck Ttotal Status Flags
r-devel-linux-x86_64-debian-clang 1.0.0 1.51 21.36 22.87 NOTE
r-devel-linux-x86_64-debian-gcc 1.0.0 1.29 18.01 19.30 NOTE
r-devel-linux-x86_64-fedora-clang 1.0.0 34.21 OK
r-devel-linux-x86_64-fedora-gcc 1.0.0 32.83 OK
r-devel-windows-x86_64 1.0.0 2.00 52.00 54.00 OK
r-patched-linux-x86_64 1.0.0 1.56 19.40 20.96 OK
r-release-linux-x86_64 1.0.0 1.55 19.44 20.99 OK
r-release-macos-arm64 1.0.0 16.00 OK
r-release-macos-x86_64 1.0.0 29.00 OK
r-release-windows-x86_64 1.0.0 4.00 48.00 52.00 OK
r-oldrel-macos-arm64 1.0.0 15.00 OK
r-oldrel-macos-x86_64 1.0.0 22.00 OK
r-oldrel-windows-x86_64 1.0.0 2.00 46.00 48.00 OK

Check Details

Version: 1.0.0
Check: CRAN incoming feasibility
Result: NOTE Maintainer: ‘Erik Doffagne <erik.doffagne@gmail.com>’ No Authors@R field in DESCRIPTION. Please add one, modifying Authors@R: person(given = "Erik", family = "Doffagne", role = c("aut", "cre"), email = "erik.doffagne@gmail.com") as necessary. Flavors: r-devel-linux-x86_64-debian-clang, r-devel-linux-x86_64-debian-gcc