CRAN Package Check Results for Package iemisctext

Last updated on 2025-04-30 04:50:08 CEST.

Flavor Version Tinstall Tcheck Ttotal Status Flags
r-devel-linux-x86_64-debian-clang 1.0.1 1.62 88.26 89.88 NOTE
r-devel-linux-x86_64-debian-gcc 1.0.1 1.26 66.95 68.21 NOTE
r-devel-linux-x86_64-fedora-clang 1.0.1 141.31 OK
r-devel-linux-x86_64-fedora-gcc 1.0.1 149.26 OK
r-devel-windows-x86_64 1.0.1 4.00 171.00 175.00 OK
r-patched-linux-x86_64 1.0.1 1.99 84.62 86.61 OK
r-release-linux-x86_64 1.0.1 1.69 84.54 86.23 OK
r-release-macos-arm64 1.0.1 53.00 OK
r-release-macos-x86_64 1.0.1 102.00 OK
r-release-windows-x86_64 1.0.1 3.00 174.00 177.00 OK
r-oldrel-macos-arm64 1.0.1 52.00 OK
r-oldrel-macos-x86_64 1.0.1 116.00 OK
r-oldrel-windows-x86_64 1.0.1 3.00 168.00 171.00 OK

Check Details

Version: 1.0.1
Check: CRAN incoming feasibility
Result: NOTE Maintainer: ‘Irucka Embry <iembry@ecoccs.com>’ No Authors@R field in DESCRIPTION. Please add one, modifying Authors@R: person(given = "Irucka", family = "Embry", role = c("aut", "cre"), email = "iembry@ecoccs.com") as necessary. Flavors: r-devel-linux-x86_64-debian-clang, r-devel-linux-x86_64-debian-gcc