Last updated on 2025-04-30 04:50:08 CEST.
Flavor | Version | Tinstall | Tcheck | Ttotal | Status | Flags |
---|---|---|---|---|---|---|
r-devel-linux-x86_64-debian-clang | 0.2.1 | 7.09 | 94.57 | 101.66 | NOTE | |
r-devel-linux-x86_64-debian-gcc | 0.2.1 | 5.78 | 64.74 | 70.52 | NOTE | |
r-devel-linux-x86_64-fedora-clang | 0.2.1 | 165.37 | OK | |||
r-devel-linux-x86_64-fedora-gcc | 0.2.1 | 175.99 | OK | |||
r-devel-windows-x86_64 | 0.2.1 | 8.00 | 102.00 | 110.00 | OK | |
r-patched-linux-x86_64 | 0.2.1 | 7.31 | 87.87 | 95.18 | OK | |
r-release-linux-x86_64 | 0.2.1 | 7.52 | 90.24 | 97.76 | OK | |
r-release-macos-arm64 | 0.2.1 | 60.00 | OK | |||
r-release-macos-x86_64 | 0.2.1 | 104.00 | OK | |||
r-release-windows-x86_64 | 0.2.1 | 8.00 | 99.00 | 107.00 | OK | |
r-oldrel-macos-arm64 | 0.2.1 | 57.00 | OK | |||
r-oldrel-macos-x86_64 | 0.2.1 | 120.00 | OK | |||
r-oldrel-windows-x86_64 | 0.2.1 | 9.00 | 128.00 | 137.00 | OK |
Version: 0.2.1
Check: examples
Result: NOTE
Examples with CPU (user + system) or elapsed time > 5s
user system elapsed
igo_dyadic 8.608 0.199 11.065
Flavor: r-devel-linux-x86_64-debian-clang
Version: 0.2.1
Check: examples
Result: NOTE
Examples with CPU (user + system) or elapsed time > 5s
user system elapsed
igo_dyadic 5.233 0.612 6.919
Flavor: r-devel-linux-x86_64-debian-gcc