Last updated on 2025-02-21 03:52:15 CET.
Flavor | Version | Tinstall | Tcheck | Ttotal | Status | Flags |
---|---|---|---|---|---|---|
r-devel-linux-x86_64-debian-clang | 2.3.5 | 6.57 | 55.78 | 62.35 | OK | |
r-devel-linux-x86_64-debian-gcc | 2.3.5 | 5.22 | 44.22 | 49.44 | OK | |
r-devel-linux-x86_64-fedora-clang | 2.3.5 | 95.85 | OK | |||
r-devel-linux-x86_64-fedora-gcc | 2.3.5 | 104.93 | OK | |||
r-devel-macos-arm64 | 2.3.5 | 40.00 | OK | |||
r-devel-macos-x86_64 | 2.3.5 | 70.00 | OK | |||
r-devel-windows-x86_64 | 2.3.5 | 12.00 | 96.00 | 108.00 | OK | |
r-patched-linux-x86_64 | 2.3.5 | 6.59 | 51.67 | 58.26 | OK | |
r-release-linux-x86_64 | 2.3.5 | 7.13 | 51.65 | 58.78 | OK | |
r-release-macos-arm64 | 2.3.5 | 49.00 | NOTE | |||
r-release-macos-x86_64 | 2.3.5 | 74.00 | NOTE | |||
r-release-windows-x86_64 | 2.3.5 | 13.00 | 100.00 | 113.00 | NOTE | |
r-oldrel-macos-arm64 | 2.3.4 | 57.00 | NOTE | |||
r-oldrel-macos-x86_64 | 2.3.5 | 95.00 | NOTE | |||
r-oldrel-windows-x86_64 | 2.3.5 | 15.00 | 124.00 | 139.00 | OK |
Version: 2.3.5
Check: installed package size
Result: NOTE
installed size is 7.1Mb
sub-directories of 1Mb or more:
libs 5.2Mb
Flavors: r-release-macos-arm64, r-release-macos-x86_64, r-release-windows-x86_64, r-oldrel-macos-x86_64
Version: 2.3.4
Check: installed package size
Result: NOTE
installed size is 7.1Mb
sub-directories of 1Mb or more:
libs 5.2Mb
Flavor: r-oldrel-macos-arm64