CRAN Package Check Results for Package ijtiff

Last updated on 2025-04-30 04:50:08 CEST.

Flavor Version Tinstall Tcheck Ttotal Status Flags
r-devel-linux-x86_64-debian-clang 3.1.3 6.25 68.27 74.52 OK
r-devel-linux-x86_64-debian-gcc 3.1.3 5.06 54.62 59.68 NOTE
r-devel-linux-x86_64-fedora-clang 3.1.3 120.55 OK
r-devel-linux-x86_64-fedora-gcc 3.1.3 125.12 OK
r-devel-windows-x86_64 3.1.3 14.00 117.00 131.00 OK
r-patched-linux-x86_64 3.1.3 6.60 64.33 70.93 OK
r-release-linux-x86_64 3.1.3 5.61 64.29 69.90 OK
r-release-macos-arm64 3.1.3 46.00 OK
r-release-macos-x86_64 3.1.3 116.00 OK
r-release-windows-x86_64 3.1.3 16.00 108.00 124.00 OK
r-oldrel-macos-arm64 3.1.3 52.00 NOTE
r-oldrel-macos-x86_64 3.1.3 102.00 NOTE
r-oldrel-windows-x86_64 3.1.3 15.00 127.00 142.00 OK

Check Details

Version: 3.1.3
Check: examples
Result: NOTE Examples with CPU (user + system) or elapsed time > 5s user system elapsed text-image-io 1.576 0.414 7.714 Flavor: r-devel-linux-x86_64-debian-gcc

Version: 3.1.3
Check: installed package size
Result: NOTE installed size is 8.0Mb sub-directories of 1Mb or more: libs 6.1Mb Flavors: r-oldrel-macos-arm64, r-oldrel-macos-x86_64