Last updated on 2025-04-30 04:50:08 CEST.
Flavor | Version | Tinstall | Tcheck | Ttotal | Status | Flags |
---|---|---|---|---|---|---|
r-devel-linux-x86_64-debian-clang | 0.1 | 8.97 | 23.70 | 32.67 | NOTE | |
r-devel-linux-x86_64-debian-gcc | 0.1 | 6.52 | 18.94 | 25.46 | NOTE | |
r-devel-linux-x86_64-fedora-clang | 0.1 | 55.26 | NOTE | |||
r-devel-linux-x86_64-fedora-gcc | 0.1 | 51.66 | NOTE | |||
r-devel-windows-x86_64 | 0.1 | 12.00 | 66.00 | 78.00 | NOTE | |
r-patched-linux-x86_64 | 0.1 | 7.57 | 22.61 | 30.18 | NOTE | |
r-release-linux-x86_64 | 0.1 | 9.26 | 22.54 | 31.80 | NOTE | |
r-release-macos-arm64 | 0.1 | 21.00 | NOTE | |||
r-release-macos-x86_64 | 0.1 | 37.00 | NOTE | |||
r-release-windows-x86_64 | 0.1 | 12.00 | 67.00 | 79.00 | NOTE | |
r-oldrel-macos-arm64 | 0.1 | 20.00 | NOTE | |||
r-oldrel-macos-x86_64 | 0.1 | 31.00 | NOTE | |||
r-oldrel-windows-x86_64 | 0.1 | 14.00 | 69.00 | 83.00 | NOTE |
Version: 0.1
Check: CRAN incoming feasibility
Result: NOTE
Maintainer: ‘Jan Wijffels <jwijffels@bnosac.be>’
Found the following URLs which should use \doi (with the DOI name only):
File ‘image_otsu.Rd’:
https://doi.org/10.5201/ipol.2016.158
Flavors: r-devel-linux-x86_64-debian-clang, r-devel-linux-x86_64-debian-gcc
Version: 0.1
Check: C++ specification
Result: NOTE
Specified C++11: please drop specification unless essential
Flavors: r-devel-linux-x86_64-debian-clang, r-devel-linux-x86_64-debian-gcc, r-devel-linux-x86_64-fedora-clang, r-devel-linux-x86_64-fedora-gcc, r-devel-windows-x86_64, r-patched-linux-x86_64, r-release-linux-x86_64, r-release-macos-arm64, r-release-macos-x86_64, r-release-windows-x86_64, r-oldrel-macos-arm64, r-oldrel-macos-x86_64, r-oldrel-windows-x86_64