Last updated on 2025-04-30 04:50:08 CEST.
Flavor | Version | Tinstall | Tcheck | Ttotal | Status | Flags |
---|---|---|---|---|---|---|
r-devel-linux-x86_64-debian-clang | 0.1.3 | 13.10 | 28.92 | 42.02 | NOTE | |
r-devel-linux-x86_64-debian-gcc | 0.1.3 | 10.66 | 21.47 | 32.13 | OK | |
r-devel-linux-x86_64-fedora-clang | 0.1.3 | 66.96 | OK | |||
r-devel-linux-x86_64-fedora-gcc | 0.1.3 | 65.24 | OK | |||
r-devel-windows-x86_64 | 0.1.3 | 17.00 | 71.00 | 88.00 | OK | |
r-patched-linux-x86_64 | 0.1.3 | 16.52 | 26.54 | 43.06 | OK | |
r-release-linux-x86_64 | 0.1.3 | 13.00 | 26.70 | 39.70 | OK | |
r-release-macos-arm64 | 0.1.3 | 26.00 | OK | |||
r-release-macos-x86_64 | 0.1.3 | 40.00 | OK | |||
r-release-windows-x86_64 | 0.1.3 | 20.00 | 72.00 | 92.00 | OK | |
r-oldrel-macos-arm64 | 0.1.3 | 24.00 | OK | |||
r-oldrel-macos-x86_64 | 0.1.3 | 34.00 | OK | |||
r-oldrel-windows-x86_64 | 0.1.3 | 18.00 | 74.00 | 92.00 | OK |
Version: 0.1.3
Check: examples
Result: NOTE
Examples with CPU (user + system) or elapsed time > 5s
user system elapsed
image_binarization 6.125 0.261 6.605
Flavor: r-devel-linux-x86_64-debian-clang