Last updated on 2025-04-30 04:50:08 CEST.
Flavor | Version | Tinstall | Tcheck | Ttotal | Status | Flags |
---|---|---|---|---|---|---|
r-devel-linux-x86_64-debian-clang | 1.3.2 | 51.94 | 71.68 | 123.62 | NOTE | |
r-devel-linux-x86_64-debian-gcc | 1.3.2 | 40.29 | 54.78 | 95.07 | NOTE | |
r-devel-linux-x86_64-fedora-clang | 1.3.2 | 234.98 | OK | |||
r-devel-linux-x86_64-fedora-gcc | 1.3.2 | 236.23 | OK | |||
r-devel-windows-x86_64 | 1.3.2 | 68.00 | 124.00 | 192.00 | OK | |
r-patched-linux-x86_64 | 1.3.2 | 56.36 | 68.67 | 125.03 | OK | |
r-release-linux-x86_64 | 1.3.2 | 57.48 | 68.22 | 125.70 | OK | |
r-release-macos-arm64 | 1.3.2 | 74.00 | OK | |||
r-release-macos-x86_64 | 1.3.2 | 120.00 | OK | |||
r-release-windows-x86_64 | 1.3.2 | 69.00 | 122.00 | 191.00 | OK | |
r-oldrel-macos-arm64 | 1.3.2 | 68.00 | OK | |||
r-oldrel-macos-x86_64 | 1.3.2 | 81.00 | OK | |||
r-oldrel-windows-x86_64 | 1.3.2 | 72.00 | 136.00 | 208.00 | OK |
Version: 1.3.2
Check: CRAN incoming feasibility
Result: NOTE
Maintainer: ‘Shota Ochi <shotaochi1990@gmail.com>’
Found the following URLs which should use \doi (with the DOI name only):
File ‘BalanceSimplest.Rd’:
https://doi.org/10.5201/ipol.2011.llmps-scb
File ‘DenoiseDCT.Rd’:
https://doi.org/10.5201/ipol.2011.ys-dct
File ‘EqualizePiecewise.Rd’:
https://doi.org/10.5201/ipol.2012.lps-pae
File ‘SPE.Rd’:
https://doi.org/10.5201/ipol.2014.84
Flavors: r-devel-linux-x86_64-debian-clang, r-devel-linux-x86_64-debian-gcc