CRAN Package Check Results for Package imageviewer

Last updated on 2025-04-30 04:50:08 CEST.

Flavor Version Tinstall Tcheck Ttotal Status Flags
r-devel-linux-x86_64-debian-clang 0.1.0 2.55 23.91 26.46 OK
r-devel-linux-x86_64-debian-gcc 0.1.0 2.01 20.23 22.24 OK
r-devel-linux-x86_64-fedora-clang 0.1.0 39.21 OK
r-devel-linux-x86_64-fedora-gcc 0.1.0 37.44 OK
r-devel-windows-x86_64 0.1.0 5.00 46.00 51.00 OK
r-patched-linux-x86_64 0.1.0 2.17 22.20 24.37 OK
r-release-linux-x86_64 0.1.0 2.18 22.05 24.23 OK
r-release-macos-arm64 0.1.0 20.00 OK
r-release-macos-x86_64 0.1.0 26.00 OK
r-release-windows-x86_64 0.1.0 7.00 46.00 53.00 OK
r-oldrel-macos-arm64 0.1.0 17.00 NOTE
r-oldrel-macos-x86_64 0.1.0 24.00 NOTE
r-oldrel-windows-x86_64 0.1.0 7.00 46.00 53.00 NOTE

Check Details

Version: 0.1.0
Check: LazyData
Result: NOTE 'LazyData' is specified without a 'data' directory Flavors: r-oldrel-macos-arm64, r-oldrel-macos-x86_64, r-oldrel-windows-x86_64