CRAN Package Check Results for Package immunarch

Last updated on 2025-04-30 04:50:08 CEST.

Flavor Version Tinstall Tcheck Ttotal Status Flags
r-devel-linux-x86_64-debian-clang 0.9.1 60.23 333.51 393.74 NOTE
r-devel-linux-x86_64-debian-gcc 0.9.1 42.76 239.47 282.23 NOTE
r-devel-linux-x86_64-fedora-clang 0.9.1 644.08 OK
r-devel-linux-x86_64-fedora-gcc 0.9.1 632.62 OK
r-devel-windows-x86_64 0.9.1 60.00 324.00 384.00 NOTE
r-patched-linux-x86_64 0.9.1 56.14 310.01 366.15 NOTE
r-release-linux-x86_64 0.9.1 56.01 311.60 367.61 NOTE
r-release-macos-arm64 0.9.1 223.00 OK
r-release-macos-x86_64 0.9.1 321.00 OK
r-release-windows-x86_64 0.9.1 61.00 333.00 394.00 NOTE
r-oldrel-macos-arm64 0.9.1 166.00 NOTE
r-oldrel-macos-x86_64 0.9.1 233.00 NOTE
r-oldrel-windows-x86_64 0.9.1 80.00 423.00 503.00 NOTE

Check Details

Version: 0.9.1
Check: Rd cross-references
Result: NOTE Found the following Rd file(s) with Rd \link{} targets missing package anchors: coding.Rd: data.table, copy_to dbAnnotate.Rd: data.table, copy_to geneUsage.Rd: data.table, copy_to getKmers.Rd: data.table, copy_to immunr_hclust.Rd: fviz_nbclust, hcut, dbscan immunr_pca.Rd: isoMDS, Rtsne inc_overlap.Rd: data.table, copy_to pubRep.Rd: data.table, copy_to repAlignLineage.Rd: data.table repClonality.Rd: data.table, copy_to repDiversity.Rd: data.table, copy_to repExplore.Rd: data.table, copy_to repGermline.Rd: data.table repOverlap.Rd: data.table, copy_to repSample.Rd: data.table, copy_to select_barcodes.Rd: data.table, copy_to seqCluster.Rd: data.table seqDist.Rd: data.table spectratype.Rd: data.table, copy_to top.Rd: data.table, copy_to trackClonotypes.Rd: data.table, copy_to vis.immunr_gene_usage.Rd: chordDiagram vis.immunr_hclust.Rd: fviz_dend vis.immunr_kmeans.Rd: fviz_cluster vis.immunr_ov_matrix.Rd: chordDiagram vis.immunr_public_statistics.Rd: upset vis_box.Rd: melt vis_circos.Rd: chordDiagram vis_hist.Rd: melt vis_textlogo.Rd: geom_logo Please provide package anchors for all Rd \link{} targets not in the package itself and the base packages. Flavors: r-devel-linux-x86_64-debian-clang, r-devel-linux-x86_64-debian-gcc, r-devel-windows-x86_64, r-patched-linux-x86_64, r-release-linux-x86_64, r-release-windows-x86_64

Version: 0.9.1
Check: examples
Result: NOTE Examples with CPU (user + system) or elapsed time > 5s user system elapsed vis_public_clonotypes 6.822 0.279 4.463 repDiversity 6.417 0.090 7.173 vis.immunr_gene_usage 6.417 0.010 7.520 seqCluster 5.487 0.291 5.756 trackClonotypes 5.097 0.200 4.022 vis.immunr_dynamics 4.888 0.165 4.088 vis_textlogo 4.101 0.004 5.671 Flavor: r-devel-linux-x86_64-debian-clang

Version: 0.9.1
Check: examples
Result: NOTE Examples with CPU (user + system) or elapsed time > 5s user system elapsed vis_public_clonotypes 6.031 0.069 4.662 repDiversity 4.594 0.055 5.815 repSave 1.640 0.311 9.716 Flavor: r-devel-linux-x86_64-debian-gcc

Version: 0.9.1
Check: installed package size
Result: NOTE installed size is 7.4Mb sub-directories of 1Mb or more: data 3.4Mb doc 1.6Mb Flavors: r-oldrel-macos-arm64, r-oldrel-macos-x86_64, r-oldrel-windows-x86_64