Last updated on 2025-04-30 04:50:08 CEST.
Flavor | Version | Tinstall | Tcheck | Ttotal | Status | Flags |
---|---|---|---|---|---|---|
r-devel-linux-x86_64-debian-clang | 2.2 | 3.28 | 42.29 | 45.57 | NOTE | |
r-devel-linux-x86_64-debian-gcc | 2.2 | 2.74 | 31.30 | 34.04 | NOTE | |
r-devel-linux-x86_64-fedora-clang | 2.2 | 70.68 | OK | |||
r-devel-linux-x86_64-fedora-gcc | 2.2 | 69.35 | OK | |||
r-devel-windows-x86_64 | 2.2 | 6.00 | 69.00 | 75.00 | OK | |
r-patched-linux-x86_64 | 2.2 | 4.56 | 40.44 | 45.00 | OK | |
r-release-linux-x86_64 | 2.2 | 3.96 | 40.20 | 44.16 | OK | |
r-release-macos-arm64 | 2.2 | 32.00 | OK | |||
r-release-macos-x86_64 | 2.2 | 52.00 | OK | |||
r-release-windows-x86_64 | 2.2 | 5.00 | 66.00 | 71.00 | OK | |
r-oldrel-macos-arm64 | 2.2 | 24.00 | OK | |||
r-oldrel-macos-x86_64 | 2.2 | 38.00 | OK | |||
r-oldrel-windows-x86_64 | 2.2 | 6.00 | 75.00 | 81.00 | OK |
Version: 2.2
Check: CRAN incoming feasibility
Result: NOTE
Maintainer: ‘Steffen Moritz <steffen.moritz10@gmail.com>’
Package CITATION file contains call(s) to old-style personList() or
as.personList(). Please use c() on person objects instead.
Flavors: r-devel-linux-x86_64-debian-clang, r-devel-linux-x86_64-debian-gcc