CRAN Package Check Results for Package imputeTS

Last updated on 2025-04-30 04:50:08 CEST.

Flavor Version Tinstall Tcheck Ttotal Status Flags
r-devel-linux-x86_64-debian-clang 3.3 22.76 155.77 178.53 NOTE
r-devel-linux-x86_64-debian-gcc 3.3 17.75 112.58 130.33 NOTE
r-devel-linux-x86_64-fedora-clang 3.3 288.15 OK
r-devel-linux-x86_64-fedora-gcc 3.3 297.64 OK
r-devel-windows-x86_64 3.3 31.00 208.00 239.00 OK
r-patched-linux-x86_64 3.3 25.81 151.69 177.50 OK
r-release-linux-x86_64 3.3 24.93 151.30 176.23 OK
r-release-macos-arm64 3.3 135.00 OK
r-release-macos-x86_64 3.3 166.00 OK
r-release-windows-x86_64 3.3 33.00 199.00 232.00 OK
r-oldrel-macos-arm64 3.3 87.00 OK
r-oldrel-macos-x86_64 3.3 125.00 OK
r-oldrel-windows-x86_64 3.3 35.00 245.00 280.00 OK

Check Details

Version: 3.3
Check: CRAN incoming feasibility
Result: NOTE Maintainer: ‘Steffen Moritz <steffen.moritz10@gmail.com>’ Package CITATION file contains call(s) to old-style personList() or as.personList(). Please use c() on person objects instead. Flavors: r-devel-linux-x86_64-debian-clang, r-devel-linux-x86_64-debian-gcc