Last updated on 2025-04-30 04:50:08 CEST.
Flavor | Version | Tinstall | Tcheck | Ttotal | Status | Flags |
---|---|---|---|---|---|---|
r-devel-linux-x86_64-debian-clang | 1.1.3 | 9.59 | 88.05 | 97.64 | NOTE | |
r-devel-linux-x86_64-debian-gcc | 1.1.3 | 8.13 | 59.73 | 67.86 | NOTE | |
r-devel-linux-x86_64-fedora-clang | 1.1.3 | 142.88 | OK | |||
r-devel-linux-x86_64-fedora-gcc | 1.1.3 | 134.26 | OK | |||
r-devel-windows-x86_64 | 1.1.3 | 11.00 | 96.00 | 107.00 | OK | |
r-patched-linux-x86_64 | 1.1.3 | 9.87 | 81.20 | 91.07 | OK | |
r-release-linux-x86_64 | 1.1.3 | 9.32 | 81.41 | 90.73 | OK | |
r-release-macos-arm64 | 1.1.3 | 45.00 | OK | |||
r-release-macos-x86_64 | 1.1.3 | 81.00 | OK | |||
r-release-windows-x86_64 | 1.1.3 | 12.00 | 92.00 | 104.00 | OK | |
r-oldrel-macos-arm64 | 1.1.3 | 40.00 | OK | |||
r-oldrel-macos-x86_64 | 1.1.3 | 68.00 | OK | |||
r-oldrel-windows-x86_64 | 1.1.3 | 14.00 | 116.00 | 130.00 | OK |
Version: 1.1.3
Check: CRAN incoming feasibility
Result: NOTE
Maintainer: ‘Ajit Johnson Nirmal <ajitjohnson.n@gmail.com>’
No Authors@R field in DESCRIPTION.
Please add one, modifying
Authors@R: person(given = c("Ajit", "Johnson"),
family = "Nirmal",
role = c("aut", "cre"),
email = "ajitjohnson.n@gmail.com")
as necessary.
Flavors: r-devel-linux-x86_64-debian-clang, r-devel-linux-x86_64-debian-gcc