Last updated on 2025-04-30 04:50:08 CEST.
Flavor | Version | Tinstall | Tcheck | Ttotal | Status | Flags |
---|---|---|---|---|---|---|
r-devel-linux-x86_64-debian-clang | 0.6.0 | 27.62 | 54.84 | 82.46 | OK | |
r-devel-linux-x86_64-debian-gcc | 0.6.0 | 22.56 | 44.11 | 66.67 | OK | |
r-devel-linux-x86_64-fedora-clang | 0.6.0 | 139.31 | OK | |||
r-devel-linux-x86_64-fedora-gcc | 0.6.0 | 157.62 | OK | |||
r-devel-windows-x86_64 | 0.6.0 | 34.00 | 103.00 | 137.00 | OK | |
r-patched-linux-x86_64 | 0.6.0 | 30.65 | 55.36 | 86.01 | OK | |
r-release-linux-x86_64 | 0.6.0 | 30.09 | 56.12 | 86.21 | OK | |
r-release-macos-arm64 | 0.6.0 | 67.00 | OK | |||
r-release-macos-x86_64 | 0.6.0 | 92.00 | OK | |||
r-release-windows-x86_64 | 0.6.0 | 35.00 | 98.00 | 133.00 | OK | |
r-oldrel-macos-arm64 | 0.6.0 | 56.00 | NOTE | |||
r-oldrel-macos-x86_64 | 0.6.0 | 96.00 | NOTE | |||
r-oldrel-windows-x86_64 | 0.6.0 | 37.00 | 117.00 | 154.00 | NOTE |
Version: 0.6.0
Check: installed package size
Result: NOTE
installed size is 18.3Mb
sub-directories of 1Mb or more:
doc 4.1Mb
libs 12.1Mb
Flavors: r-oldrel-macos-arm64, r-oldrel-macos-x86_64, r-oldrel-windows-x86_64