Last updated on 2025-11-02 03:51:41 CET.
| Flavor | Version | Tinstall | Tcheck | Ttotal | Status | Flags |
|---|---|---|---|---|---|---|
| r-devel-linux-x86_64-debian-clang | 1.0.3 | 28.26 | 331.09 | 359.35 | OK | |
| r-devel-linux-x86_64-debian-gcc | 1.0.3 | 17.80 | 233.34 | 251.14 | OK | |
| r-devel-linux-x86_64-fedora-clang | 1.0.3 | 157.00 | 439.74 | 596.74 | OK | |
| r-devel-linux-x86_64-fedora-gcc | 1.0.3 | 151.00 | 427.51 | 578.51 | OK | |
| r-devel-windows-x86_64 | 1.0.3 | 59.00 | 298.00 | 357.00 | OK | |
| r-patched-linux-x86_64 | 1.0.3 | 26.28 | 1142.88 | 1169.16 | OK | |
| r-release-linux-x86_64 | 1.0.3 | 26.08 | 313.21 | 339.29 | OK | |
| r-release-macos-arm64 | 1.0.3 | 27.00 | 133.00 | 160.00 | OK | |
| r-release-macos-x86_64 | 1.0.3 | 63.00 | 429.00 | 492.00 | OK | |
| r-release-windows-x86_64 | 1.0.3 | 59.00 | 292.00 | 351.00 | OK | |
| r-oldrel-macos-arm64 | 1.0.3 | 25.00 | 135.00 | 160.00 | OK | |
| r-oldrel-macos-x86_64 | 1.0.3 | 76.00 | 535.00 | 611.00 | NOTE | |
| r-oldrel-windows-x86_64 | 1.0.3 | 66.00 | 360.00 | 426.00 | OK |
Version: 1.0.3
Check: package dependencies
Result: NOTE
Package suggested but not available for checking: ‘Rsubread’
Flavor: r-oldrel-macos-x86_64