CRAN Package Check Results for Package incase

Last updated on 2025-04-30 04:50:08 CEST.

Flavor Version Tinstall Tcheck Ttotal Status Flags
r-devel-linux-x86_64-debian-clang 0.3.2 2.90 32.57 35.47 NOTE
r-devel-linux-x86_64-debian-gcc 0.3.2 2.15 25.15 27.30 NOTE
r-devel-linux-x86_64-fedora-clang 0.3.2 53.22 OK
r-devel-linux-x86_64-fedora-gcc 0.3.2 51.27 OK
r-devel-windows-x86_64 0.3.2 4.00 58.00 62.00 NOTE
r-patched-linux-x86_64 0.3.2 2.98 30.05 33.03 NOTE
r-release-linux-x86_64 0.3.2 2.26 30.46 32.72 NOTE
r-release-macos-arm64 0.3.2 21.00 OK
r-release-macos-x86_64 0.3.2 33.00 OK
r-release-windows-x86_64 0.3.2 4.00 55.00 59.00 NOTE
r-oldrel-macos-arm64 0.3.2 20.00 OK
r-oldrel-macos-x86_64 0.3.2 29.00 OK
r-oldrel-windows-x86_64 0.3.2 5.00 59.00 64.00 OK

Check Details

Version: 0.3.2
Check: Rd cross-references
Result: NOTE Found the following Rd file(s) with Rd \link{} targets missing package anchors: if_case.Rd: magrittr Please provide package anchors for all Rd \link{} targets not in the package itself and the base packages. Flavors: r-devel-linux-x86_64-debian-clang, r-devel-linux-x86_64-debian-gcc, r-devel-windows-x86_64, r-patched-linux-x86_64, r-release-linux-x86_64, r-release-windows-x86_64