Last updated on 2025-04-30 04:50:08 CEST.
Flavor | Version | Tinstall | Tcheck | Ttotal | Status | Flags |
---|---|---|---|---|---|---|
r-devel-linux-x86_64-debian-clang | 1.7.5 | 3.55 | 111.96 | 115.51 | NOTE | |
r-devel-linux-x86_64-debian-gcc | 1.7.5 | 2.65 | 81.54 | 84.19 | OK | |
r-devel-linux-x86_64-fedora-clang | 1.7.5 | 171.45 | OK | |||
r-devel-linux-x86_64-fedora-gcc | 1.7.5 | 180.86 | OK | |||
r-devel-windows-x86_64 | 1.7.5 | 4.00 | 123.00 | 127.00 | OK | |
r-patched-linux-x86_64 | 1.7.5 | 4.12 | 108.23 | 112.35 | OK | |
r-release-linux-x86_64 | 1.7.5 | 3.25 | 107.48 | 110.73 | OK | |
r-release-macos-arm64 | 1.7.5 | 70.00 | OK | |||
r-release-macos-x86_64 | 1.7.5 | 111.00 | OK | |||
r-release-windows-x86_64 | 1.7.5 | 6.00 | 119.00 | 125.00 | OK | |
r-oldrel-macos-arm64 | 1.7.5 | 57.00 | OK | |||
r-oldrel-macos-x86_64 | 1.7.5 | 100.00 | OK | |||
r-oldrel-windows-x86_64 | 1.7.5 | 6.00 | 146.00 | 152.00 | OK |
Version: 1.7.5
Check: examples
Result: NOTE
Examples with CPU (user + system) or elapsed time > 5s
user system elapsed
plot.incidence 5.226 0.048 8.096
fit 3.257 0.015 5.566
Flavor: r-devel-linux-x86_64-debian-clang