Last updated on 2025-04-30 04:50:08 CEST.
Flavor | Version | Tinstall | Tcheck | Ttotal | Status | Flags |
---|---|---|---|---|---|---|
r-devel-linux-x86_64-debian-clang | 1.0.10 | 15.36 | 89.83 | 105.19 | NOTE | |
r-devel-linux-x86_64-debian-gcc | 1.0.10 | 12.45 | 63.74 | 76.19 | NOTE | |
r-devel-linux-x86_64-fedora-clang | 1.0.10 | 173.62 | OK | |||
r-devel-linux-x86_64-fedora-gcc | 1.0.10 | 167.35 | OK | |||
r-devel-windows-x86_64 | 1.0.10 | 23.00 | 118.00 | 141.00 | OK | |
r-patched-linux-x86_64 | 1.0.10 | 18.41 | 87.43 | 105.84 | OK | |
r-release-linux-x86_64 | 1.0.10 | 19.06 | 86.85 | 105.91 | OK | |
r-release-macos-arm64 | 1.0.10 | 47.00 | OK | |||
r-release-macos-x86_64 | 1.0.10 | 78.00 | OK | |||
r-release-windows-x86_64 | 1.0.10 | 26.00 | 117.00 | 143.00 | OK | |
r-oldrel-macos-arm64 | 1.0.10 | 43.00 | OK | |||
r-oldrel-macos-x86_64 | 1.0.10 | 67.00 | OK | |||
r-oldrel-windows-x86_64 | 1.0.10 | 26.00 | 145.00 | 171.00 | OK |
Version: 1.0.10
Check: CRAN incoming feasibility
Result: NOTE
Maintainer: ‘Utkarsh J. Dang <utkarshdang@cunet.carleton.ca>’
No Authors@R field in DESCRIPTION.
Please add one, modifying
Authors@R: c(person(given = c("Utkarsh", "J."),
family = "Dang",
role = c("aut", "cre"),
email = "utkarshdang@cunet.carleton.ca"),
person(given = c("G.", "Brian"),
family = "Golding",
role = "aut"))
as necessary.
Flavors: r-devel-linux-x86_64-debian-clang, r-devel-linux-x86_64-debian-gcc