Last updated on 2025-04-30 04:50:08 CEST.
Flavor | Version | Tinstall | Tcheck | Ttotal | Status | Flags |
---|---|---|---|---|---|---|
r-devel-linux-x86_64-debian-clang | 1.8.0 | 5.54 | 110.29 | 115.83 | NOTE | |
r-devel-linux-x86_64-debian-gcc | 1.8.0 | 3.69 | 67.65 | 71.34 | OK | |
r-devel-linux-x86_64-fedora-clang | 1.8.0 | 186.39 | OK | |||
r-devel-linux-x86_64-fedora-gcc | 1.8.0 | 193.52 | OK | |||
r-devel-windows-x86_64 | 1.8.0 | 7.00 | 125.00 | 132.00 | OK | |
r-patched-linux-x86_64 | 1.8.0 | 5.72 | 103.65 | 109.37 | OK | |
r-release-linux-x86_64 | 1.8.0 | 6.30 | 103.49 | 109.79 | OK | |
r-release-macos-arm64 | 1.8.0 | 53.00 | OK | |||
r-release-macos-x86_64 | 1.8.0 | 120.00 | OK | |||
r-release-windows-x86_64 | 1.8.0 | 8.00 | 123.00 | 131.00 | OK | |
r-oldrel-macos-arm64 | 1.8.0 | 78.00 | OK | |||
r-oldrel-macos-x86_64 | 1.8.0 | 162.00 | OK | |||
r-oldrel-windows-x86_64 | 1.8.0 | 8.00 | 140.00 | 148.00 | OK |
Version: 1.8.0
Check: examples
Result: NOTE
Examples with CPU (user + system) or elapsed time > 5s
user system elapsed
nicheoverlap 4.762 0 5.787
Flavor: r-devel-linux-x86_64-debian-clang