Last updated on 2025-02-21 03:52:15 CET.
Flavor | Version | Tinstall | Tcheck | Ttotal | Status | Flags |
---|---|---|---|---|---|---|
r-devel-linux-x86_64-debian-clang | 0.1.0 | 6.29 | 43.04 | 49.33 | NOTE | |
r-devel-linux-x86_64-debian-gcc | 0.1.0 | 4.25 | 31.26 | 35.51 | NOTE | |
r-devel-linux-x86_64-fedora-clang | 0.1.0 | 76.83 | NOTE | |||
r-devel-linux-x86_64-fedora-gcc | 0.1.0 | 70.00 | NOTE | |||
r-devel-macos-arm64 | 0.1.0 | 26.00 | NOTE | |||
r-devel-macos-x86_64 | 0.1.0 | 77.00 | NOTE | |||
r-devel-windows-x86_64 | 0.1.0 | 10.00 | 64.00 | 74.00 | NOTE | |
r-patched-linux-x86_64 | 0.1.0 | 5.31 | 39.63 | 44.94 | NOTE | |
r-release-linux-x86_64 | 0.1.0 | 5.86 | 39.95 | 45.81 | NOTE | |
r-release-macos-arm64 | 0.1.0 | 26.00 | NOTE | |||
r-release-macos-x86_64 | 0.1.0 | 45.00 | NOTE | |||
r-release-windows-x86_64 | 0.1.0 | 9.00 | 63.00 | 72.00 | NOTE | |
r-oldrel-macos-arm64 | 0.1.0 | 26.00 | OK | |||
r-oldrel-macos-x86_64 | 0.1.0 | 41.00 | OK | |||
r-oldrel-windows-x86_64 | 0.1.0 | 11.00 | 69.00 | 80.00 | OK |
Version: 0.1.0
Check: Rd files
Result: NOTE
checkRd: (-1) process_stats.Rd:11: Lost braces; missing escapes or markup?
11 | the {janitor} package}
| ^
checkRd: (-1) theme_industRial.Rd:40: Lost braces; missing escapes or markup?
40 | adapted from the package {cowplot} by Claus O.Wilke and reflects the principles
| ^
checkRd: (-1) theme_industRial.Rd:45: Lost braces; missing escapes or markup?
45 | It basically combines the half open theme with a grid background from {cowplot}
| ^
Flavors: r-devel-linux-x86_64-debian-clang, r-devel-linux-x86_64-debian-gcc, r-devel-linux-x86_64-fedora-clang, r-devel-linux-x86_64-fedora-gcc, r-devel-macos-arm64, r-devel-macos-x86_64, r-devel-windows-x86_64, r-patched-linux-x86_64, r-release-linux-x86_64, r-release-macos-arm64, r-release-macos-x86_64, r-release-windows-x86_64