Last updated on 2025-04-30 04:50:08 CEST.
Flavor | Version | Tinstall | Tcheck | Ttotal | Status | Flags |
---|---|---|---|---|---|---|
r-devel-linux-x86_64-debian-clang | 0.1.0 | 7.04 | 66.56 | 73.60 | NOTE | |
r-devel-linux-x86_64-debian-gcc | 0.1.0 | 5.26 | 48.59 | 53.85 | NOTE | |
r-devel-linux-x86_64-fedora-clang | 0.1.0 | 120.19 | OK | |||
r-devel-linux-x86_64-fedora-gcc | 0.1.0 | 107.83 | OK | |||
r-devel-windows-x86_64 | 0.1.0 | 9.00 | 79.00 | 88.00 | OK | |
r-patched-linux-x86_64 | 0.1.0 | 7.20 | 62.63 | 69.83 | OK | |
r-release-linux-x86_64 | 0.1.0 | 6.75 | 63.01 | 69.76 | OK | |
r-release-macos-arm64 | 0.1.0 | 39.00 | OK | |||
r-release-macos-x86_64 | 0.1.0 | 75.00 | OK | |||
r-release-windows-x86_64 | 0.1.0 | 7.00 | 79.00 | 86.00 | OK | |
r-oldrel-macos-arm64 | 0.1.0 | 31.00 | OK | |||
r-oldrel-macos-x86_64 | 0.1.0 | 55.00 | OK | |||
r-oldrel-windows-x86_64 | 0.1.0 | 11.00 | 89.00 | 100.00 | OK |
Version: 0.1.0
Check: CRAN incoming feasibility
Result: NOTE
Maintainer: ‘Jonas Haslbeck <jonashaslbeck@gmail.com>’
No Authors@R field in DESCRIPTION.
Please add one, modifying
Authors@R: c(person(given = "Lourens",
family = "Waldorp",
role = "aut",
email = "waldorp@uva.nl"),
person(given = "Jonas",
family = "Haslbeck",
role = c("aut", "cre"),
email = "jonashaslbeck@gmail.com"))
as necessary.
Flavors: r-devel-linux-x86_64-debian-clang, r-devel-linux-x86_64-debian-gcc