CRAN Package Check Results for Package inflection

Last updated on 2025-04-30 04:50:08 CEST.

Flavor Version Tinstall Tcheck Ttotal Status Flags
r-devel-linux-x86_64-debian-clang 1.3.6 2.74 58.92 61.66 NOTE
r-devel-linux-x86_64-debian-gcc 1.3.6 1.93 47.78 49.71 NOTE
r-devel-linux-x86_64-fedora-clang 1.3.6 93.60 OK
r-devel-linux-x86_64-fedora-gcc 1.3.6 109.54 OK
r-devel-windows-x86_64 1.3.6 4.00 106.00 110.00 OK
r-patched-linux-x86_64 1.3.6 2.82 57.00 59.82 OK
r-release-linux-x86_64 1.3.6 2.13 56.92 59.05 OK
r-release-macos-arm64 1.3.6 103.00 OK
r-release-macos-x86_64 1.3.6 73.00 OK
r-release-windows-x86_64 1.3.6 5.00 95.00 100.00 OK
r-oldrel-macos-arm64 1.3.6 46.00 OK
r-oldrel-macos-x86_64 1.3.6 60.00 OK
r-oldrel-windows-x86_64 1.3.6 4.00 96.00 100.00 OK

Check Details

Version: 1.3.6
Check: CRAN incoming feasibility
Result: NOTE Maintainer: ‘Demetris T. Christopoulos <dchristop@econ.uoa.gr>’ No Authors@R field in DESCRIPTION. Please add one, modifying Authors@R: person(given = c("Demetris", "T."), family = "Christopoulos", role = c("aut", "cre"), email = "dchristop@econ.uoa.gr") as necessary. Flavors: r-devel-linux-x86_64-debian-clang, r-devel-linux-x86_64-debian-gcc