CRAN Package Check Results for Package influence.SEM

Last updated on 2025-04-30 04:50:08 CEST.

Flavor Version Tinstall Tcheck Ttotal Status Flags
r-devel-linux-x86_64-debian-clang 2.3 3.28 30.86 34.14 NOTE
r-devel-linux-x86_64-debian-gcc 2.3 2.65 25.33 27.98 NOTE
r-devel-linux-x86_64-fedora-clang 2.3 53.94 OK
r-devel-linux-x86_64-fedora-gcc 2.3 51.76 OK
r-devel-windows-x86_64 2.3 5.00 57.00 62.00 NOTE
r-patched-linux-x86_64 2.3 3.59 30.02 33.61 NOTE
r-release-linux-x86_64 2.3 2.64 29.62 32.26 NOTE
r-release-macos-arm64 2.3 29.00 OK
r-release-macos-x86_64 2.3 47.00 OK
r-release-windows-x86_64 2.3 6.00 55.00 61.00 NOTE
r-oldrel-macos-arm64 2.3 25.00 OK
r-oldrel-macos-x86_64 2.3 33.00 OK
r-oldrel-windows-x86_64 2.3 5.00 55.00 60.00 OK

Check Details

Version: 2.3
Check: CRAN incoming feasibility
Result: NOTE Maintainer: ‘Massimiliano Pastore <massimiliano.pastore@unipd.it>’ No Authors@R field in DESCRIPTION. Please add one, modifying Authors@R: c(person(given = c("Massimiliano", "Pastore", "&", "Gianmarco"), family = "Altoe'", role = "aut"), person(given = "Massimiliano", family = "Pastore", role = "cre", email = "massimiliano.pastore@unipd.it")) as necessary. Flavors: r-devel-linux-x86_64-debian-clang, r-devel-linux-x86_64-debian-gcc

Version: 2.3
Check: Rd cross-references
Result: NOTE Found the following Rd file(s) with Rd \link{} targets missing package anchors: Deltachi.Rd: lavaan, sem Likedist.Rd: lavaan, sem fitinfluence.Rd: lavaan, sem genCookDist.Rd: lavaan, sem parinfluence.Rd: lavaan, sem Please provide package anchors for all Rd \link{} targets not in the package itself and the base packages. Flavors: r-devel-linux-x86_64-debian-clang, r-devel-linux-x86_64-debian-gcc, r-devel-windows-x86_64, r-patched-linux-x86_64, r-release-linux-x86_64, r-release-windows-x86_64