Last updated on 2025-04-30 04:50:08 CEST.
Flavor | Version | Tinstall | Tcheck | Ttotal | Status | Flags |
---|---|---|---|---|---|---|
r-devel-linux-x86_64-debian-clang | 0.1.5 | 4.14 | 29.49 | 33.63 | NOTE | |
r-devel-linux-x86_64-debian-gcc | 0.1.5 | 3.56 | 22.46 | 26.02 | NOTE | |
r-devel-linux-x86_64-fedora-clang | 0.1.5 | 50.69 | OK | |||
r-devel-linux-x86_64-fedora-gcc | 0.1.5 | 47.79 | OK | |||
r-devel-windows-x86_64 | 0.1.5 | 10.00 | 55.00 | 65.00 | OK | |
r-patched-linux-x86_64 | 0.1.5 | 4.29 | 26.88 | 31.17 | OK | |
r-release-linux-x86_64 | 0.1.5 | 4.31 | 27.11 | 31.42 | OK | |
r-release-macos-arm64 | 0.1.5 | 23.00 | OK | |||
r-release-macos-x86_64 | 0.1.5 | 31.00 | OK | |||
r-release-windows-x86_64 | 0.1.5 | 11.00 | 55.00 | 66.00 | OK | |
r-oldrel-macos-arm64 | 0.1.5 | 21.00 | OK | |||
r-oldrel-macos-x86_64 | 0.1.5 | 28.00 | OK | |||
r-oldrel-windows-x86_64 | 0.1.5 | 12.00 | 54.00 | 66.00 | OK |
Version: 0.1.5
Check: CRAN incoming feasibility
Result: NOTE
Maintainer: ‘Aditya Khanna <khanna7.work@gmail.com>’
No Authors@R field in DESCRIPTION.
Please add one, modifying
Authors@R: c(person(given = "Simon",
family = "Jacobs",
role = "aut"),
person(given = "Aditya",
family = "Khanna",
role = c("aut", "cre"),
email = "khanna7.work@gmail.com"),
person(given = "Kamesh",
family = "Madduri",
role = "ctb"),
person(given = "David",
family = "Bader",
role = "ctb"))
as necessary.
Flavors: r-devel-linux-x86_64-debian-clang, r-devel-linux-x86_64-debian-gcc
Version: 0.1.5
Check: examples
Result: NOTE
Examples with CPU time > 2.5 times elapsed time
user system elapsed ratio
bridging 1.643 0.012 0.605 2.736
Flavor: r-devel-linux-x86_64-debian-clang