Last updated on 2025-04-30 04:50:08 CEST.
Flavor | Version | Tinstall | Tcheck | Ttotal | Status | Flags |
---|---|---|---|---|---|---|
r-devel-linux-x86_64-debian-clang | 1.0.3 | 9.95 | 87.33 | 97.28 | NOTE | |
r-devel-linux-x86_64-debian-gcc | 1.0.3 | 7.48 | 61.39 | 68.87 | NOTE | |
r-devel-linux-x86_64-fedora-clang | 1.0.3 | 150.88 | OK | |||
r-devel-linux-x86_64-fedora-gcc | 1.0.3 | 144.11 | OK | |||
r-devel-windows-x86_64 | 1.0.3 | 10.00 | 94.00 | 104.00 | OK | |
r-patched-linux-x86_64 | 1.0.3 | 9.31 | 82.43 | 91.74 | OK | |
r-release-linux-x86_64 | 1.0.3 | 9.45 | 83.57 | 93.02 | OK | |
r-release-macos-arm64 | 1.0.3 | 45.00 | OK | |||
r-release-macos-x86_64 | 1.0.3 | 86.00 | OK | |||
r-release-windows-x86_64 | 1.0.3 | 10.00 | 97.00 | 107.00 | OK | |
r-oldrel-macos-arm64 | 1.0.3 | 41.00 | OK | |||
r-oldrel-macos-x86_64 | 1.0.3 | 102.00 | OK | |||
r-oldrel-windows-x86_64 | 1.0.3 | 12.00 | 114.00 | 126.00 | OK |
Version: 1.0.3
Check: examples
Result: NOTE
Examples with CPU (user + system) or elapsed time > 5s
user system elapsed
explore_q 13.829 0.023 17.814
Flavor: r-devel-linux-x86_64-debian-clang
Version: 1.0.3
Check: examples
Result: NOTE
Examples with CPU (user + system) or elapsed time > 5s
user system elapsed
explore_q 7.821 0.029 10.41
Flavor: r-devel-linux-x86_64-debian-gcc