Last updated on 2025-02-22 05:51:38 CET.
Flavor | Version | Tinstall | Tcheck | Ttotal | Status | Flags |
---|---|---|---|---|---|---|
r-devel-linux-x86_64-debian-clang | 0.6 | 2.27 | 20.23 | 22.50 | NOTE | |
r-devel-linux-x86_64-debian-gcc | 0.6 | 1.47 | 15.81 | 17.28 | NOTE | |
r-devel-linux-x86_64-fedora-clang | 0.6 | 35.69 | NOTE | |||
r-devel-linux-x86_64-fedora-gcc | 0.6 | 33.51 | NOTE | |||
r-devel-macos-arm64 | 0.6 | 16.00 | OK | |||
r-devel-macos-x86_64 | 0.6 | 24.00 | OK | |||
r-devel-windows-x86_64 | 0.6 | 3.00 | 42.00 | 45.00 | OK | |
r-patched-linux-x86_64 | 0.6 | 1.91 | 19.19 | 21.10 | NOTE | |
r-release-linux-x86_64 | 0.6 | 2.09 | 19.23 | 21.32 | NOTE | |
r-release-macos-arm64 | 0.6 | 15.00 | OK | |||
r-release-macos-x86_64 | 0.6 | 21.00 | OK | |||
r-release-windows-x86_64 | 0.6 | 3.00 | 42.00 | 45.00 | OK | |
r-oldrel-macos-arm64 | 0.6 | 17.00 | OK | |||
r-oldrel-macos-x86_64 | 0.6 | 21.00 | OK | |||
r-oldrel-windows-x86_64 | 0.6 | 4.00 | 44.00 | 48.00 | OK |
Version: 0.6
Check: for non-standard things in the check directory
Result: NOTE
Found the following files/directories:
‘c.txt’ ‘rho.txt’ ‘sta.txt’ ‘topo.txt’
Flavors: r-devel-linux-x86_64-debian-clang, r-devel-linux-x86_64-debian-gcc, r-devel-linux-x86_64-fedora-clang, r-devel-linux-x86_64-fedora-gcc, r-patched-linux-x86_64, r-release-linux-x86_64