Last updated on 2025-04-30 04:50:08 CEST.
Flavor | Version | Tinstall | Tcheck | Ttotal | Status | Flags |
---|---|---|---|---|---|---|
r-devel-linux-x86_64-debian-clang | 2.3.0 | 8.20 | 790.62 | 798.82 | NOTE | |
r-devel-linux-x86_64-debian-gcc | 2.3.0 | 4.55 | 582.58 | 587.13 | NOTE | |
r-devel-linux-x86_64-fedora-clang | 2.3.0 | 1123.53 | OK | |||
r-devel-linux-x86_64-fedora-gcc | 2.3.0 | 1160.78 | OK | |||
r-devel-windows-x86_64 | 2.3.0 | 11.00 | 562.00 | 573.00 | OK | |
r-patched-linux-x86_64 | 2.3.0 | 8.39 | 773.55 | 781.94 | OK | |
r-release-linux-x86_64 | 2.3.0 | 6.27 | 774.53 | 780.80 | OK | |
r-release-macos-arm64 | 2.3.0 | 429.00 | OK | |||
r-release-macos-x86_64 | 2.3.0 | 505.00 | OK | |||
r-release-windows-x86_64 | 2.3.0 | 10.00 | 545.00 | 555.00 | OK | |
r-oldrel-macos-arm64 | 2.3.0 | 177.00 | OK | |||
r-oldrel-macos-x86_64 | 2.3.0 | 264.00 | OK | |||
r-oldrel-windows-x86_64 | 2.3.0 | 12.00 | 713.00 | 725.00 | OK |
Version: 2.3.0
Check: CRAN incoming feasibility
Result: NOTE
Maintainer: ‘Przemyslaw Biecek <przemyslaw.biecek@gmail.com>’
The Description field contains
universe (Biecek 2018) <arXiv:1806.08915>.
Please refer to arXiv e-prints via their arXiv DOI <doi:10.48550/arXiv.YYMM.NNNNN>.
Flavors: r-devel-linux-x86_64-debian-clang, r-devel-linux-x86_64-debian-gcc