Last updated on 2025-04-30 04:50:08 CEST.
Flavor | Version | Tinstall | Tcheck | Ttotal | Status | Flags |
---|---|---|---|---|---|---|
r-devel-linux-x86_64-debian-clang | 0.3.1 | 1.48 | 18.73 | 20.21 | NOTE | |
r-devel-linux-x86_64-debian-gcc | 0.3.1 | 1.34 | 15.78 | 17.12 | NOTE | |
r-devel-linux-x86_64-fedora-clang | 0.3.1 | 31.94 | OK | |||
r-devel-linux-x86_64-fedora-gcc | 0.3.1 | 30.40 | OK | |||
r-devel-windows-x86_64 | 0.3.1 | 3.00 | 48.00 | 51.00 | OK | |
r-patched-linux-x86_64 | 0.3.1 | 1.39 | 18.20 | 19.59 | OK | |
r-release-linux-x86_64 | 0.3.1 | 1.34 | 18.06 | 19.40 | OK | |
r-release-macos-arm64 | 0.3.1 | 14.00 | OK | |||
r-release-macos-x86_64 | 0.3.1 | 29.00 | OK | |||
r-release-windows-x86_64 | 0.3.1 | 4.00 | 48.00 | 52.00 | OK | |
r-oldrel-macos-arm64 | 0.3.1 | 20.00 | OK | |||
r-oldrel-macos-x86_64 | 0.3.1 | 21.00 | OK | |||
r-oldrel-windows-x86_64 | 0.3.1 | 3.00 | 42.00 | 45.00 | OK |
Version: 0.3.1
Check: CRAN incoming feasibility
Result: NOTE
Maintainer: ‘David Valentim Dias <dvdscripter@gmail.com>’
No Authors@R field in DESCRIPTION.
Please add one, modifying
Authors@R: person(given = c("David", "Valentim"),
family = "Dias",
role = c("aut", "cre"),
email = "dvdscripter@gmail.com")
as necessary.
Flavors: r-devel-linux-x86_64-debian-clang, r-devel-linux-x86_64-debian-gcc