Last updated on 2025-04-30 04:50:08 CEST.
Flavor | Version | Tinstall | Tcheck | Ttotal | Status | Flags |
---|---|---|---|---|---|---|
r-devel-linux-x86_64-debian-clang | 2.12.0 | 23.48 | 235.45 | 258.93 | NOTE | |
r-devel-linux-x86_64-debian-gcc | 2.12.0 | 14.87 | 167.67 | 182.54 | NOTE | |
r-devel-linux-x86_64-fedora-clang | 2.12.0 | 480.38 | OK | |||
r-devel-linux-x86_64-fedora-gcc | 2.12.0 | 467.77 | OK | |||
r-devel-windows-x86_64 | 2.12.0 | 25.00 | 265.00 | 290.00 | OK | |
r-patched-linux-x86_64 | 2.12.0 | 24.96 | 226.86 | 251.82 | OK | |
r-release-linux-x86_64 | 2.12.0 | 22.54 | 227.91 | 250.45 | OK | |
r-release-macos-arm64 | 2.12.0 | 141.00 | OK | |||
r-release-macos-x86_64 | 2.12.0 | 232.00 | OK | |||
r-release-windows-x86_64 | 2.12.0 | 25.00 | 254.00 | 279.00 | OK | |
r-oldrel-macos-arm64 | 2.12.0 | 120.00 | NOTE | |||
r-oldrel-macos-x86_64 | 2.12.0 | 264.00 | NOTE | |||
r-oldrel-windows-x86_64 | 2.12.0 | 31.00 | 311.00 | 342.00 | OK |
Version: 2.12.0
Check: examples
Result: NOTE
Examples with CPU (user + system) or elapsed time > 5s
user system elapsed
gg.SpatRaster 7.687 0.32 10.116
Flavor: r-devel-linux-x86_64-debian-clang
Version: 2.12.0
Check: examples
Result: NOTE
Examples with CPU (user + system) or elapsed time > 5s
user system elapsed
gg.SpatRaster 4.661 0.759 6.764
Flavor: r-devel-linux-x86_64-debian-gcc
Version: 2.12.0
Check: package dependencies
Result: NOTE
Package suggested but not available for checking: ‘INLA’
Flavors: r-oldrel-macos-arm64, r-oldrel-macos-x86_64