Last updated on 2025-04-30 04:50:08 CEST.
Flavor | Version | Tinstall | Tcheck | Ttotal | Status | Flags |
---|---|---|---|---|---|---|
r-devel-linux-x86_64-debian-clang | 0.3.21 | 2.89 | 48.77 | 51.66 | NOTE | |
r-devel-linux-x86_64-debian-gcc | 0.3.21 | 1.96 | 34.75 | 36.71 | OK | |
r-devel-linux-x86_64-fedora-clang | 0.3.21 | 76.76 | OK | |||
r-devel-linux-x86_64-fedora-gcc | 0.3.21 | 73.34 | OK | |||
r-devel-windows-x86_64 | 0.3.21 | 5.00 | 109.00 | 114.00 | OK | |
r-patched-linux-x86_64 | 0.3.21 | 2.41 | 42.57 | 44.98 | OK | |
r-release-linux-x86_64 | 0.3.21 | 2.43 | 42.61 | 45.04 | OK | |
r-release-macos-arm64 | 0.3.21 | 36.00 | OK | |||
r-release-macos-x86_64 | 0.3.21 | 69.00 | OK | |||
r-release-windows-x86_64 | 0.3.21 | 5.00 | 103.00 | 108.00 | OK | |
r-oldrel-macos-arm64 | 0.3.21 | 36.00 | OK | |||
r-oldrel-macos-x86_64 | 0.3.21 | 77.00 | OK | |||
r-oldrel-windows-x86_64 | 0.3.21 | 4.00 | 104.00 | 108.00 | OK |
Version: 0.3.21
Check: examples
Result: NOTE
Examples with CPU (user + system) or elapsed time > 5s
user system elapsed
cfunction 3.502 0.884 6.181
Flavor: r-devel-linux-x86_64-debian-clang