Last updated on 2025-04-30 04:50:08 CEST.
Flavor | Version | Tinstall | Tcheck | Ttotal | Status | Flags |
---|---|---|---|---|---|---|
r-devel-linux-x86_64-debian-clang | 0.3.2 | 27.12 | 415.19 | 442.31 | NOTE | |
r-devel-linux-x86_64-debian-gcc | 0.3.2 | 17.15 | 618.90 | 636.05 | NOTE | |
r-devel-linux-x86_64-fedora-clang | 0.3.2 | 569.39 | OK | |||
r-devel-linux-x86_64-fedora-gcc | 0.3.2 | 562.68 | OK | |||
r-devel-windows-x86_64 | 0.3.2 | 27.00 | 332.00 | 359.00 | OK | |
r-patched-linux-x86_64 | 0.3.2 | 25.84 | 397.14 | 422.98 | OK | |
r-release-linux-x86_64 | 0.3.2 | 25.78 | 397.00 | 422.78 | OK | |
r-release-macos-arm64 | 0.3.2 | 227.00 | OK | |||
r-release-macos-x86_64 | 0.3.2 | 253.00 | OK | |||
r-release-windows-x86_64 | 0.3.2 | 28.00 | 328.00 | 356.00 | OK | |
r-oldrel-macos-arm64 | 0.3.2 | 157.00 | OK | |||
r-oldrel-macos-x86_64 | 0.3.2 | 256.00 | OK | |||
r-oldrel-windows-x86_64 | 0.3.2 | 34.00 | 384.00 | 418.00 | OK |
Version: 0.3.2
Check: examples
Result: NOTE
Examples with CPU (user + system) or elapsed time > 5s
user system elapsed
LIME 8.507 0.325 8.957
SHAP 7.700 0.148 12.772
SmoothGrad 2.775 0.004 5.102
Flavor: r-devel-linux-x86_64-debian-clang
Version: 0.3.2
Check: examples
Result: NOTE
Examples with CPU (user + system) or elapsed time > 5s
user system elapsed
SHAP 6.827 0.237 8.346
LIME 5.638 0.243 5.901
Flavor: r-devel-linux-x86_64-debian-gcc