CRAN Package Check Results for Package inops

Last updated on 2025-02-21 03:52:15 CET.

Flavor Version Tinstall Tcheck Ttotal Status Flags
r-devel-linux-x86_64-debian-clang 0.0.1 1.56 27.76 29.32 OK
r-devel-linux-x86_64-debian-gcc 0.0.1 1.64 21.70 23.34 OK
r-devel-linux-x86_64-fedora-clang 0.0.1 48.79 OK
r-devel-linux-x86_64-fedora-gcc 0.0.1 60.75 OK
r-devel-macos-arm64 0.0.1 24.00 OK
r-devel-macos-x86_64 0.0.1 51.00 OK
r-devel-windows-x86_64 0.0.1 4.00 49.00 53.00 OK
r-patched-linux-x86_64 0.0.1 1.88 27.10 28.98 NOTE
r-release-linux-x86_64 0.0.1 1.45 27.30 28.75 NOTE
r-release-macos-arm64 0.0.1 23.00 NOTE
r-release-macos-x86_64 0.0.1 42.00 NOTE
r-release-windows-x86_64 0.0.1 4.00 49.00 53.00 NOTE
r-oldrel-macos-arm64 0.0.1 26.00 NOTE
r-oldrel-macos-x86_64 0.0.1 38.00 NOTE
r-oldrel-windows-x86_64 0.0.1 2.00 51.00 53.00 NOTE

Check Details

Version: 0.0.1
Check: LazyData
Result: NOTE 'LazyData' is specified without a 'data' directory Flavors: r-patched-linux-x86_64, r-release-linux-x86_64, r-release-macos-arm64, r-release-macos-x86_64, r-release-windows-x86_64, r-oldrel-macos-arm64, r-oldrel-macos-x86_64, r-oldrel-windows-x86_64