CRAN Package Check Results for Package inplace

Last updated on 2025-04-30 04:50:08 CEST.

Flavor Version Tinstall Tcheck Ttotal Status Flags
r-devel-linux-x86_64-debian-clang 0.1.2 57.70 27.96 85.66 OK
r-devel-linux-x86_64-debian-gcc 0.1.2 41.97 21.24 63.21 OK
r-devel-linux-x86_64-fedora-clang 0.1.2 166.42 OK
r-devel-linux-x86_64-fedora-gcc 0.1.2 158.01 OK
r-devel-windows-x86_64 0.1.2 70.00 72.00 142.00 OK
r-patched-linux-x86_64 0.1.2 58.71 26.19 84.90 OK
r-release-linux-x86_64 0.1.2 60.04 26.35 86.39 OK
r-release-macos-arm64 0.1.2 38.00 OK
r-release-macos-x86_64 0.1.2 50.00 OK
r-release-windows-x86_64 0.1.2 67.00 69.00 136.00 OK
r-oldrel-macos-arm64 0.1.2 41.00 NOTE
r-oldrel-macos-x86_64 0.1.2 45.00 NOTE
r-oldrel-windows-x86_64 0.1.2 62.00 77.00 139.00 NOTE

Check Details

Version: 0.1.2
Check: LazyData
Result: NOTE 'LazyData' is specified without a 'data' directory Flavors: r-oldrel-macos-arm64, r-oldrel-macos-x86_64, r-oldrel-windows-x86_64