Last updated on 2025-04-30 04:50:08 CEST.
Flavor | Version | Tinstall | Tcheck | Ttotal | Status | Flags |
---|---|---|---|---|---|---|
r-devel-linux-x86_64-debian-clang | 1.4.2 | 8.71 | 65.15 | 73.86 | NOTE | |
r-devel-linux-x86_64-debian-gcc | 1.4.2 | 6.27 | 46.64 | 52.91 | NOTE | |
r-devel-linux-x86_64-fedora-clang | 1.4.2 | 114.29 | OK | |||
r-devel-linux-x86_64-fedora-gcc | 1.4.2 | 121.22 | OK | |||
r-devel-windows-x86_64 | 1.4.2 | 10.00 | 94.00 | 104.00 | NOTE | |
r-patched-linux-x86_64 | 1.4.2 | 8.61 | 61.31 | 69.92 | NOTE | |
r-release-linux-x86_64 | 1.4.2 | 7.90 | 61.85 | 69.75 | NOTE | |
r-release-macos-arm64 | 1.4.2 | 52.00 | OK | |||
r-release-macos-x86_64 | 1.4.2 | 86.00 | OK | |||
r-release-windows-x86_64 | 1.4.2 | 12.00 | 90.00 | 102.00 | NOTE | |
r-oldrel-macos-arm64 | 1.4.2 | 37.00 | OK | |||
r-oldrel-macos-x86_64 | 1.4.2 | 59.00 | OK | |||
r-oldrel-windows-x86_64 | 1.4.2 | 12.00 | 98.00 | 110.00 | OK |
Version: 1.4.2
Check: CRAN incoming feasibility
Result: NOTE
Maintainer: ‘Shaun Wilkinson <shaunpwilkinson@gmail.com>’
Package CITATION file contains call(s) to old-style personList() or
as.personList(). Please use c() on person objects instead.
Package CITATION file contains call(s) to old-style citEntry(). Please
use bibentry() instead.
Flavors: r-devel-linux-x86_64-debian-clang, r-devel-linux-x86_64-debian-gcc
Version: 1.4.2
Check: Rd cross-references
Result: NOTE
Found the following Rd file(s) with Rd \link{} targets missing package
anchors:
manipulate.Rd: ape
purge.Rd: kmer
Please provide package anchors for all Rd \link{} targets not in the
package itself and the base packages.
Flavors: r-devel-linux-x86_64-debian-clang, r-devel-linux-x86_64-debian-gcc, r-devel-windows-x86_64, r-patched-linux-x86_64, r-release-linux-x86_64, r-release-windows-x86_64
Version: 1.4.2
Check: examples
Result: NOTE
Examples with CPU (user + system) or elapsed time > 5s
user system elapsed
virtualFISH 3.915 0.068 5.471
Flavor: r-devel-linux-x86_64-debian-clang