CRAN Package Check Results for Package inspector

Last updated on 2025-04-30 04:50:08 CEST.

Flavor Version Tinstall Tcheck Ttotal Status Flags
r-devel-linux-x86_64-debian-clang 1.0.3 2.36 31.23 33.59 NOTE
r-devel-linux-x86_64-debian-gcc 1.0.3 1.91 23.67 25.58 NOTE
r-devel-linux-x86_64-fedora-clang 1.0.3 49.43 OK
r-devel-linux-x86_64-fedora-gcc 1.0.3 47.02 OK
r-devel-windows-x86_64 1.0.3 4.00 57.00 61.00 OK
r-patched-linux-x86_64 1.0.3 2.95 28.52 31.47 OK
r-release-linux-x86_64 1.0.3 2.34 28.98 31.32 OK
r-release-macos-arm64 1.0.3 21.00 OK
r-release-macos-x86_64 1.0.3 41.00 OK
r-release-windows-x86_64 1.0.3 4.00 55.00 59.00 OK
r-oldrel-macos-arm64 1.0.3 18.00 OK
r-oldrel-macos-x86_64 1.0.3 27.00 OK
r-oldrel-windows-x86_64 1.0.3 5.00 56.00 61.00 OK

Check Details

Version: 1.0.3
Check: CRAN incoming feasibility
Result: NOTE Maintainer: ‘Pedro Fonseca <pedro.teles.fonseca@phd.iseg.ulisboa.pt>’ Package CITATION file contains call(s) to old-style citEntry(). Please use bibentry() instead. Flavors: r-devel-linux-x86_64-debian-clang, r-devel-linux-x86_64-debian-gcc