CRAN Package Check Results for Package install.load

Last updated on 2025-04-30 04:50:08 CEST.

Flavor Version Tinstall Tcheck Ttotal Status Flags
r-devel-linux-x86_64-debian-clang 1.2.5 1.25 20.38 21.63 NOTE
r-devel-linux-x86_64-debian-gcc 1.2.5 1.39 17.05 18.44 NOTE
r-devel-linux-x86_64-fedora-clang 1.2.5 32.64 OK
r-devel-linux-x86_64-fedora-gcc 1.2.5 44.51 OK
r-devel-windows-x86_64 1.2.5 3.00 43.00 46.00 OK
r-patched-linux-x86_64 1.2.5 1.81 18.85 20.66 OK
r-release-linux-x86_64 1.2.5 1.61 18.76 20.37 OK
r-release-macos-arm64 1.2.5 32.00 OK
r-release-macos-x86_64 1.2.5 55.00 OK
r-release-windows-x86_64 1.2.5 3.00 43.00 46.00 OK
r-oldrel-macos-arm64 1.2.5 21.00 OK
r-oldrel-macos-x86_64 1.2.5 30.00 OK
r-oldrel-windows-x86_64 1.2.5 3.00 45.00 48.00 OK

Check Details

Version: 1.2.5
Check: CRAN incoming feasibility
Result: NOTE Maintainer: ‘Irucka Embry <iembry@ecoccs.com>’ No Authors@R field in DESCRIPTION. Please add one, modifying Authors@R: c(person(family = "maloneypatr", role = c("aut", "cre")), person(given = "Irucka", family = "Embry", role = c("aut", "ctb", "cre"), email = "iembry@ecoccs.com")) as necessary. Flavors: r-devel-linux-x86_64-debian-clang, r-devel-linux-x86_64-debian-gcc